Last updated on 2025-11-20 02:49:15 CET.
| Flavor | Version | Tinstall | Tcheck | Ttotal | Status | Flags |
|---|---|---|---|---|---|---|
| r-devel-linux-x86_64-debian-clang | 0.3.2 | 8.64 | 66.07 | 74.71 | NOTE | |
| r-devel-linux-x86_64-debian-gcc | 0.3.2 | 4.19 | 44.90 | 49.09 | NOTE | |
| r-devel-linux-x86_64-fedora-clang | 0.3.2 | 29.00 | 82.55 | 111.55 | NOTE | |
| r-devel-linux-x86_64-fedora-gcc | 0.3.2 | 17.00 | 82.75 | 99.75 | NOTE | |
| r-devel-windows-x86_64 | 0.3.2 | 12.00 | 74.00 | 86.00 | NOTE | |
| r-patched-linux-x86_64 | 0.3.2 | 8.63 | 59.01 | 67.64 | NOTE | |
| r-release-linux-x86_64 | 0.3.2 | 8.20 | 57.92 | 66.12 | NOTE | |
| r-release-macos-arm64 | 0.3.2 | NOTE | ||||
| r-release-macos-x86_64 | 0.3.2 | 7.00 | 47.00 | 54.00 | NOTE | |
| r-release-windows-x86_64 | 0.3.2 | 10.00 | 71.00 | 81.00 | NOTE | |
| r-oldrel-macos-arm64 | 0.3.2 | OK | ||||
| r-oldrel-macos-x86_64 | 0.3.2 | 9.00 | 52.00 | 61.00 | OK | |
| r-oldrel-windows-x86_64 | 0.3.2 | 14.00 | 89.00 | 103.00 | OK |
Version: 0.3.2
Check: DESCRIPTION meta-information
Result: NOTE
Missing dependency on R >= 4.1.0 because package code uses the pipe
|> or function shorthand \(...) syntax added in R 4.1.0.
File(s) using such syntax:
‘geometrical_data_analysis.R’ ‘ggmca.Rd’ ‘ggmca_with_base_ref.Rd’
‘ggpca_3d.Rd’ ‘ggpca_cor_circle.Rd’ ‘pca_interpret.Rd’ ‘utils.R’
Flavors: r-devel-linux-x86_64-debian-clang, r-devel-linux-x86_64-debian-gcc, r-devel-linux-x86_64-fedora-clang, r-devel-linux-x86_64-fedora-gcc, r-devel-windows-x86_64, r-patched-linux-x86_64, r-release-linux-x86_64, r-release-macos-arm64, r-release-windows-x86_64
Version: 0.3.2
Check: DESCRIPTION meta-information
Result: NOTE
Missing dependency on R >= 4.1.0 because package code uses the pipe
|> or function shorthand \(...) syntax added in R 4.1.0.
File(s) using such syntax:
‘geometrical_data_analysis.R’ ‘utils.R’
Flavor: r-release-macos-x86_64