CRAN Package Check Results for Package gginference

Last updated on 2025-11-19 01:48:49 CET.

Flavor Version Tinstall Tcheck Ttotal Status Flags
r-devel-linux-x86_64-debian-clang 0.1.3 5.63 58.82 64.45 OK
r-devel-linux-x86_64-debian-gcc 0.1.3 4.29 44.66 48.95 OK
r-devel-linux-x86_64-fedora-clang 0.1.3 33.00 74.34 107.34 NOTE
r-devel-linux-x86_64-fedora-gcc 0.1.3 12.00 80.45 92.45 NOTE
r-devel-windows-x86_64 0.1.3 11.00 70.00 81.00 OK
r-patched-linux-x86_64 0.1.3 5.64 55.67 61.31 OK
r-release-linux-x86_64 0.1.3 5.52 55.83 61.35 OK
r-release-macos-arm64 0.1.3 3.00 26.00 29.00 OK
r-release-macos-x86_64 0.1.3 4.00 40.00 44.00 OK
r-release-windows-x86_64 0.1.3 8.00 69.00 77.00 OK
r-oldrel-macos-arm64 0.1.3 2.00 24.00 26.00 OK
r-oldrel-macos-x86_64 0.1.3 4.00 34.00 38.00 OK
r-oldrel-windows-x86_64 0.1.3 11.00 85.00 96.00 OK

Check Details

Version: 0.1.3
Check: dependencies in R code
Result: NOTE Namespace in Imports field not imported from: ‘utils’ All declared Imports should be used. Flavors: r-devel-linux-x86_64-fedora-clang, r-devel-linux-x86_64-fedora-gcc