Last updated on 2025-10-22 01:51:26 CEST.
Flavor | Version | Tinstall | Tcheck | Ttotal | Status | Flags |
---|---|---|---|---|---|---|
r-devel-linux-x86_64-debian-clang | 0.3.0 | 17.34 | 221.72 | 239.06 | NOTE | |
r-devel-linux-x86_64-debian-gcc | 0.3.0 | 11.09 | 152.40 | 163.49 | NOTE | |
r-devel-linux-x86_64-fedora-clang | 0.3.0 | 77.00 | 318.19 | 395.19 | OK | |
r-devel-linux-x86_64-fedora-gcc | 0.3.0 | 33.00 | 324.30 | 357.30 | OK | |
r-devel-windows-x86_64 | 0.3.0 | 19.00 | 200.00 | 219.00 | OK | |
r-patched-linux-x86_64 | 0.3.0 | 16.32 | 212.26 | 228.58 | OK | |
r-release-linux-x86_64 | 0.3.0 | 14.72 | 209.40 | 224.12 | OK | |
r-release-macos-arm64 | 0.3.0 | 6.00 | 87.00 | 93.00 | OK | |
r-release-macos-x86_64 | 0.3.0 | 24.00 | 446.00 | 470.00 | OK | |
r-release-windows-x86_64 | 0.3.0 | 19.00 | 200.00 | 219.00 | OK | |
r-oldrel-macos-arm64 | 0.3.0 | 7.00 | 80.00 | 87.00 | OK | |
r-oldrel-macos-x86_64 | 0.3.0 | 10.00 | 163.00 | 173.00 | OK | |
r-oldrel-windows-x86_64 | 0.3.0 | 24.00 | 278.00 | 302.00 | OK |
Version: 0.3.0
Check: HTML version of manual
Result: NOTE
Found the following HTML validation problems:
addLabelDf.html:50:1 (addLabelDf.Rd:12): Warning: missing </ul> before </div>
coord_radar.html:54:1 (coord_radar.Rd:14): Warning: missing </ul> before </div>
makeEq.html:50:1 (makeEq.Rd:12): Warning: missing </ul> before </div>
model2df.html:54:1 (model2df.Rd:14): Warning: missing </ul> before </div>
myscale.html:46:1 (myscale.Rd:10): Warning: missing </ul> before </div>
myscale2.html:54:1 (myscale2.Rd:14): Warning: missing </ul> before </div>
newColName.html:46:1 (newColName.Rd:10): Warning: missing </ul> before </div>
num2factorDf.html:54:1 (num2factorDf.Rd:14): Warning: missing </ul> before </div>
p2chr.html:46:1 (p2chr.Rd:10): Warning: missing </ul> before </div>
palette2colors.html:50:1 (palette2colors.Rd:12): Warning: missing </ul> before </div>
pastecolon.html:46:1 (pastecolon.Rd:10): Warning: missing </ul> before </div>
pastecomma.html:46:1 (pastecomma.Rd:10): Warning: missing </ul> before </div>
subcolors.html:54:1 (subcolors.Rd:14): Warning: missing </ul> before </div>
theme_clean.html:46:1 (theme_clean.Rd:10): Warning: missing </ul> before </div>
theme_clean2.html:54:1 (theme_clean2.Rd:14): Warning: missing </ul> before </div>
unselectNumeric.html:54:1 (unselectNumeric.Rd:14): Warning: missing </ul> before </div>
Flavors: r-devel-linux-x86_64-debian-clang, r-devel-linux-x86_64-debian-gcc