Last updated on 2025-10-03 02:51:25 CEST.
Flavor | Version | Tinstall | Tcheck | Ttotal | Status | Flags |
---|---|---|---|---|---|---|
r-devel-linux-x86_64-debian-clang | 0.1.1 | 2.60 | 160.68 | 163.28 | OK | |
r-devel-linux-x86_64-debian-gcc | 0.1.1 | 2.48 | 111.54 | 114.02 | OK | |
r-devel-linux-x86_64-fedora-clang | 0.1.1 | 228.50 | OK | |||
r-devel-linux-x86_64-fedora-gcc | 0.1.1 | 234.66 | OK | |||
r-devel-windows-x86_64 | 0.1.1 | 6.00 | 149.00 | 155.00 | OK | |
r-patched-linux-x86_64 | 0.1.1 | 3.48 | 152.05 | 155.53 | OK | |
r-release-linux-x86_64 | 0.1.1 | 3.34 | 151.76 | 155.10 | OK | |
r-release-macos-arm64 | 0.1.1 | 55.00 | OK | |||
r-release-macos-x86_64 | 0.1.1 | 118.00 | OK | |||
r-release-windows-x86_64 | 0.1.1 | 5.00 | 150.00 | 155.00 | OK | |
r-oldrel-macos-arm64 | 0.1.1 | 56.00 | NOTE | |||
r-oldrel-macos-x86_64 | 0.1.1 | 93.00 | NOTE | |||
r-oldrel-windows-x86_64 | 0.1.1 | 8.00 | 188.00 | 196.00 | NOTE |
Version: 0.1.1
Check: installed package size
Result: NOTE
installed size is 7.4Mb
sub-directories of 1Mb or more:
doc 7.0Mb
Flavors: r-oldrel-macos-arm64, r-oldrel-macos-x86_64, r-oldrel-windows-x86_64