Last updated on 2025-10-28 02:50:48 CET.
| Flavor | Version | Tinstall | Tcheck | Ttotal | Status | Flags | 
|---|---|---|---|---|---|---|
| r-devel-linux-x86_64-debian-clang | 0.0.7 | 9.41 | 59.25 | 68.66 | ERROR | |
| r-devel-linux-x86_64-debian-gcc | 0.0.7 | 6.82 | 43.34 | 50.16 | ERROR | |
| r-devel-linux-x86_64-fedora-clang | 0.0.7 | 35.00 | 72.10 | 107.10 | ERROR | |
| r-devel-linux-x86_64-fedora-gcc | 0.0.7 | 19.00 | 70.97 | 89.97 | ERROR | |
| r-devel-windows-x86_64 | 0.0.7 | 10.00 | 67.00 | 77.00 | ERROR | |
| r-patched-linux-x86_64 | 0.0.7 | 8.44 | 53.65 | 62.09 | ERROR | |
| r-release-linux-x86_64 | 0.0.7 | 8.19 | 54.23 | 62.42 | ERROR | |
| r-release-macos-arm64 | 0.0.7 | 4.00 | 27.00 | 31.00 | OK | |
| r-release-macos-x86_64 | 0.0.7 | 6.00 | 41.00 | 47.00 | OK | |
| r-release-windows-x86_64 | 0.0.7 | 11.00 | 67.00 | 78.00 | ERROR | |
| r-oldrel-macos-arm64 | 0.0.7 | 4.00 | 24.00 | 28.00 | NOTE | |
| r-oldrel-macos-x86_64 | 0.0.7 | 6.00 | 34.00 | 40.00 | NOTE | |
| r-oldrel-windows-x86_64 | 0.0.7 | 16.00 | 83.00 | 99.00 | ERROR | 
Version: 0.0.7
Check: examples
Result: ERROR
  Running examples in ‘ggpol-Ex.R’ failed
  The error most likely occurred in:
  
  > base::assign(".ptime", proc.time(), pos = "CheckExEnv")
  > ### Name: GeomConfmat
  > ### Title: Confusion Matrix
  > ### Aliases: GeomConfmat geom_confmat stat_confmat
  > 
  > ### ** Examples
  > 
  > x <- sample(LETTERS[seq(4)], 50, replace = TRUE)
  > y <- sample(LETTERS[seq(4)], 50, replace = TRUE)
  > 
  > ggplot() + 
  +   geom_confmat(aes(x = x, y = y), normalize = TRUE, text.perc = TRUE)
  Warning: Using the `size` aesthetic in this geom was deprecated in ggplot2 3.4.0.
  ℹ Please use `linewidth` in the `default_aes` field and elsewhere instead.
  Error in `geom_confmat()`:
  ! Problem while converting geom to grob.
  ℹ Error occurred in the 1st layer.
  Caused by error:
  ! object 'fontsize' not found
  Backtrace:
       ▆
    1. ├─base (local) `<fn>`(x)
    2. ├─ggplot2 (local) `print.ggplot2::ggplot`(x)
    3. │ ├─ggplot2::ggplot_gtable(data)
    4. │ └─ggplot2 (local) `ggplot_gtable.ggplot2::ggplot_built`(data)
    5. │   └─ggplot2:::by_layer(...)
    6. │     ├─rlang::try_fetch(...)
    7. │     │ ├─base::tryCatch(...)
    8. │     │ │ └─base (local) tryCatchList(expr, classes, parentenv, handlers)
    9. │     │ │   └─base (local) tryCatchOne(expr, names, parentenv, handlers[[1L]])
   10. │     │ │     └─base (local) doTryCatch(return(expr), name, parentenv, handler)
   11. │     │ └─base::withCallingHandlers(...)
   12. │     └─ggplot2 (local) f(l = layers[[i]], d = data[[i]])
   13. │       └─l$draw_geom(d, layout)
   14. │         └─ggplot2 (local) draw_geom(..., self = self)
   15. │           └─self$geom$draw_layer(...)
   16. │             └─ggplot2 (local) draw_layer(..., self = self)
   17. │               └─base::lapply(...)
   18. │                 └─ggplot2 (local) FUN(X[[i]], ...)
   19. │                   ├─rlang::inject(self$draw_panel(data, panel_params, coord, !!!params))
   20. │                   └─self$draw_panel(...)
   21. │                     └─ggpol (local) draw_panel(...)
   22. │                       └─base::lapply(GeomText$default_aes[missing_aes], rlang::eval_tidy)
   23. │                         └─rlang (local) FUN(X[[i]], ...)
   24. ├─ggplot2::from_theme(fontsize)
   25. └─base::.handleSimpleError(...)
   26.   └─rlang (local) h(simpleError(msg, call))
   27.     └─handlers[[1L]](cnd)
   28.       └─cli::cli_abort(...)
   29.         └─rlang::abort(...)
  Execution halted
Flavors: r-devel-linux-x86_64-debian-clang, r-devel-linux-x86_64-debian-gcc, r-patched-linux-x86_64, r-release-linux-x86_64
Version: 0.0.7
Check: dependencies in R code
Result: NOTE
  Namespaces in Imports field not imported from:
    ‘dplyr’ ‘grDevices’
    All declared Imports should be used.
Flavors: r-devel-linux-x86_64-fedora-clang, r-devel-linux-x86_64-fedora-gcc
Version: 0.0.7
Check: examples
Result: ERROR
  Running examples in ‘ggpol-Ex.R’ failed
  The error most likely occurred in:
  
  > ### Name: GeomConfmat
  > ### Title: Confusion Matrix
  > ### Aliases: GeomConfmat geom_confmat stat_confmat
  > 
  > ### ** Examples
  > 
  > x <- sample(LETTERS[seq(4)], 50, replace = TRUE)
  > y <- sample(LETTERS[seq(4)], 50, replace = TRUE)
  > 
  > ggplot() + 
  +   geom_confmat(aes(x = x, y = y), normalize = TRUE, text.perc = TRUE)
  Warning: Using the `size` aesthetic in this geom was deprecated in ggplot2 3.4.0.
  ℹ Please use `linewidth` in the `default_aes` field and elsewhere instead.
  Error in `geom_confmat()`:
  ! Problem while converting geom to grob.
  ℹ Error occurred in the 1st layer.
  Caused by error:
  ! object 'fontsize' not found
  Backtrace:
       ▆
    1. ├─base (local) `<fn>`(x)
    2. ├─ggplot2 (local) `print.ggplot2::ggplot`(x)
    3. │ ├─ggplot2::ggplot_gtable(data)
    4. │ └─ggplot2 (local) `ggplot_gtable.ggplot2::ggplot_built`(data)
    5. │   └─ggplot2:::by_layer(...)
    6. │     ├─rlang::try_fetch(...)
    7. │     │ ├─base::tryCatch(...)
    8. │     │ │ └─base (local) tryCatchList(expr, classes, parentenv, handlers)
    9. │     │ │   └─base (local) tryCatchOne(expr, names, parentenv, handlers[[1L]])
   10. │     │ │     └─base (local) doTryCatch(return(expr), name, parentenv, handler)
   11. │     │ └─base::withCallingHandlers(...)
   12. │     └─ggplot2 (local) f(l = layers[[i]], d = data[[i]])
   13. │       └─l$draw_geom(d, layout)
   14. │         └─ggplot2 (local) draw_geom(..., self = self)
   15. │           └─self$geom$draw_layer(...)
   16. │             └─ggplot2 (local) draw_layer(..., self = self)
   17. │               └─base::lapply(...)
   18. │                 └─ggplot2 (local) FUN(X[[i]], ...)
   19. │                   ├─rlang::inject(self$draw_panel(data, panel_params, coord, !!!params))
   20. │                   └─self$draw_panel(...)
   21. │                     └─ggpol (local) draw_panel(...)
   22. │                       └─base::lapply(GeomText$default_aes[missing_aes], rlang::eval_tidy)
   23. │                         └─rlang (local) FUN(X[[i]], ...)
   24. ├─ggplot2::from_theme(fontsize)
   25. └─base::.handleSimpleError(...)
   26.   └─rlang (local) h(simpleError(msg, call))
   27.     └─handlers[[1L]](cnd)
   28.       └─cli::cli_abort(...)
   29.         └─rlang::abort(...)
  Execution halted
Flavors: r-devel-linux-x86_64-fedora-clang, r-devel-linux-x86_64-fedora-gcc, r-devel-windows-x86_64, r-release-windows-x86_64, r-oldrel-windows-x86_64
Version: 0.0.7
Check: LazyData
Result: NOTE
    'LazyData' is specified without a 'data' directory
Flavors: r-oldrel-macos-arm64, r-oldrel-macos-x86_64, r-oldrel-windows-x86_64