Last updated on 2025-11-20 02:49:15 CET.
| Flavor | Version | Tinstall | Tcheck | Ttotal | Status | Flags |
|---|---|---|---|---|---|---|
| r-devel-linux-x86_64-debian-clang | 1.0.0 | 12.11 | 122.62 | 134.73 | NOTE | |
| r-devel-linux-x86_64-debian-gcc | 1.0.0 | 9.18 | 88.45 | 97.63 | NOTE | |
| r-devel-linux-x86_64-fedora-clang | 1.0.0 | 31.00 | 169.41 | 200.41 | OK | |
| r-devel-linux-x86_64-fedora-gcc | 1.0.0 | 26.00 | 166.91 | 192.91 | OK | |
| r-devel-windows-x86_64 | 1.0.0 | 16.00 | 117.00 | 133.00 | OK | |
| r-patched-linux-x86_64 | 1.0.0 | 12.22 | 112.98 | 125.20 | OK | |
| r-release-linux-x86_64 | 1.0.0 | 11.35 | 112.97 | 124.32 | OK | |
| r-release-macos-arm64 | 1.0.0 | OK | ||||
| r-release-macos-x86_64 | 1.0.0 | 9.00 | 81.00 | 90.00 | OK | |
| r-release-windows-x86_64 | 1.0.0 | 14.00 | 116.00 | 130.00 | OK | |
| r-oldrel-macos-arm64 | 1.0.0 | OK | ||||
| r-oldrel-macos-x86_64 | 1.0.0 | 7.00 | 66.00 | 73.00 | OK | |
| r-oldrel-windows-x86_64 | 1.0.0 | 18.00 | 152.00 | 170.00 | OK |
Version: 1.0.0
Check: CRAN incoming feasibility
Result: NOTE
Maintainer: ‘Brittany Alexander <balexanderstatistics@gmail.com>’
No Authors@R field in DESCRIPTION.
Please add one, modifying
Authors@R: person(given = "Brittany",
family = "Alexander",
role = c("aut", "cre"),
email = "balexanderstatistics@gmail.com")
as necessary.
Flavors: r-devel-linux-x86_64-debian-clang, r-devel-linux-x86_64-debian-gcc