Last updated on 2025-10-21 01:48:33 CEST.
Flavor | Version | Tinstall | Tcheck | Ttotal | Status | Flags |
---|---|---|---|---|---|---|
r-devel-linux-x86_64-debian-clang | 0.3.6 | 154.35 | 154.59 | 308.94 | OK | |
r-devel-linux-x86_64-debian-gcc | 0.3.6 | 167.00 | 124.01 | 291.01 | NOTE | |
r-devel-linux-x86_64-fedora-clang | 0.3.6 | 491.84 | OK | |||
r-devel-linux-x86_64-fedora-gcc | 0.3.6 | 604.12 | OK | |||
r-devel-windows-x86_64 | 0.3.6 | 177.00 | 178.00 | 355.00 | OK | |
r-patched-linux-x86_64 | 0.3.6 | 188.89 | 168.38 | 357.27 | OK | |
r-release-linux-x86_64 | 0.3.6 | 204.07 | 168.87 | 372.94 | OK | |
r-release-macos-arm64 | 0.3.6 | 109.00 | OK | |||
r-release-macos-x86_64 | 0.3.6 | 186.00 | OK | |||
r-release-windows-x86_64 | 0.3.6 | 179.00 | 177.00 | 356.00 | OK | |
r-oldrel-macos-arm64 | 0.3.6 | 106.00 | NOTE | |||
r-oldrel-macos-x86_64 | 0.3.6 | 167.00 | NOTE | |||
r-oldrel-windows-x86_64 | 0.3.6 | 220.00 | 223.00 | 443.00 | OK |
Version: 0.3.6
Check: HTML version of manual
Result: NOTE
Found the following HTML validation problems:
DesignSpace.html:247:1 (DesignSpace.Rd:293): Warning: <h5> anchor "Usage" already defined
DesignSpace.html:253:1 (DesignSpace.Rd:297): Warning: <h5> anchor "Arguments" already defined
DesignSpace.html:266:1 (DesignSpace.Rd:304): Warning: <h5> anchor "Returns" already defined
DesignSpace.html:273:1 (DesignSpace.Rd:307): Warning: <h5> anchor "Examples" already defined
DesignSpace.html:292:1 (DesignSpace.Rd:321): Warning: <h5> anchor "Usage" already defined
DesignSpace.html:298:1 (DesignSpace.Rd:325): Warning: <h5> anchor "Arguments" already defined
DesignSpace.html:311:1 (DesignSpace.Rd:332): Warning: <h5> anchor "Returns" already defined
DesignSpace.html:318:1 (DesignSpace.Rd:335): Warning: <h5> anchor "Examples" already defined
DesignSpace.html:337:1 (DesignSpace.Rd:349): Warning: <h5> anchor "Usage" already defined
DesignSpace.html:343:1 (DesignSpace.Rd:353): Warning: <h5> anchor "Arguments" already defined
DesignSpace.html:356:1 (DesignSpace.Rd:360): Warning: <h5> anchor "Returns" already defined
DesignSpace.html:363:1 (DesignSpace.Rd:363): Warning: <h5> anchor "Examples" already defined
DesignSpace.html:382:1 (DesignSpace.Rd:377): Warning: <h5> anchor "Usage" already defined
DesignSpace.html:388:1 (DesignSpace.Rd:381): Warning: <h5> anchor "Examples" already defined
DesignSpace.html:409:1 (DesignSpace.Rd:397): Warning: <h5> anchor "Usage" already defined
DesignSpace.html:429:1 (DesignSpace.Rd:415): Warning: <h5> anchor "Arguments" already defined
DesignSpace.html:476:1 (DesignSpace.Rd:456): Warning: <h5> anchor "Returns" already defined
DesignSpace.html:486:1 (DesignSpace.Rd:462): Warning: <h5> anchor "Examples" already defined
DesignSpace.html:548:1 (DesignSpace.Rd:519): Warning: <h5> anchor "Usage" already defined
DesignSpace.html:554:1 (DesignSpace.Rd:523): Warning: <h5> anchor "Arguments" already defined
DesignSpace.html:567:1 (DesignSpace.Rd:530): Warning: <h5> anchor "Examples" already defined
DesignSpace.html:586:1 (DesignSpace.Rd:544): Warning: <h5> anchor "Usage" already defined
DesignSpace.html:592:1 (DesignSpace.Rd:548): Warning: <h5> anchor "Arguments" already defined
Flavor: r-devel-linux-x86_64-debian-gcc
Version: 0.3.6
Check: installed package size
Result: NOTE
installed size is 45.7Mb
sub-directories of 1Mb or more:
libs 45.5Mb
Flavors: r-oldrel-macos-arm64, r-oldrel-macos-x86_64