Last updated on 2025-11-20 03:50:11 CET.
| Flavor | Version | Tinstall | Tcheck | Ttotal | Status | Flags |
|---|---|---|---|---|---|---|
| r-devel-linux-x86_64-debian-clang | 0.1.7 | 37.37 | 301.47 | 338.84 | NOTE | |
| r-devel-linux-x86_64-debian-gcc | 0.1.7 | 25.57 | 202.23 | 227.80 | NOTE | |
| r-devel-linux-x86_64-fedora-clang | 0.1.7 | 185.00 | 376.73 | 561.73 | NOTE | |
| r-devel-linux-x86_64-fedora-gcc | 0.1.7 | 70.00 | 413.65 | 483.65 | NOTE | |
| r-devel-windows-x86_64 | 0.1.7 | 38.00 | 227.00 | 265.00 | NOTE | |
| r-patched-linux-x86_64 | 0.1.7 | 35.15 | 284.00 | 319.15 | NOTE | |
| r-release-linux-x86_64 | 0.1.7 | 38.03 | 287.50 | 325.53 | NOTE | |
| r-release-macos-arm64 | 0.1.7 | NOTE | ||||
| r-release-macos-x86_64 | 0.1.7 | 35.00 | 229.00 | 264.00 | OK | |
| r-release-windows-x86_64 | 0.1.7 | 32.00 | 224.00 | 256.00 | NOTE | |
| r-oldrel-macos-arm64 | 0.1.7 | OK | ||||
| r-oldrel-macos-x86_64 | 0.1.7 | 43.00 | 236.00 | 279.00 | OK | |
| r-oldrel-windows-x86_64 | 0.1.7 | 49.00 | 306.00 | 355.00 | OK |
Version: 0.1.7
Check: DESCRIPTION meta-information
Result: NOTE
Missing dependency on R >= 4.1.0 because package code uses the pipe
|> or function shorthand \(...) syntax added in R 4.1.0.
File(s) using such syntax:
‘gt_make_grid.Rd’
Flavors: r-devel-linux-x86_64-debian-clang, r-devel-linux-x86_64-debian-gcc, r-devel-linux-x86_64-fedora-clang, r-devel-linux-x86_64-fedora-gcc, r-devel-windows-x86_64, r-patched-linux-x86_64, r-release-linux-x86_64, r-release-macos-arm64, r-release-windows-x86_64