Last updated on 2025-10-22 01:51:26 CEST.
Flavor | Version | Tinstall | Tcheck | Ttotal | Status | Flags |
---|---|---|---|---|---|---|
r-devel-linux-x86_64-debian-clang | 1.6.3 | 1177.80 | 103.39 | 1281.19 | NOTE | |
r-devel-linux-x86_64-debian-gcc | 1.6.3 | 904.40 | 127.84 | 1032.24 | NOTE | |
r-devel-linux-x86_64-fedora-clang | 1.6.3 | 960.00 | 1074.21 | 2034.21 | OK | |
r-devel-linux-x86_64-fedora-gcc | 1.6.3 | 1620.00 | 734.12 | 2354.12 | OK | |
r-devel-windows-x86_64 | 1.6.3 | 1094.00 | 274.00 | 1368.00 | OK | |
r-patched-linux-x86_64 | 1.6.3 | 1224.49 | 172.15 | 1396.64 | OK | |
r-release-linux-x86_64 | 1.6.3 | 1214.11 | 174.53 | 1388.64 | OK | |
r-release-macos-arm64 | 1.6.3 | 501.00 | 71.00 | 572.00 | OK | |
r-release-macos-x86_64 | 1.6.3 | 780.00 | 124.00 | 904.00 | OK | |
r-release-windows-x86_64 | 1.6.3 | 835.00 | 272.00 | 1107.00 | OK | |
r-oldrel-macos-arm64 | 1.6.3 | 477.00 | 75.00 | 552.00 | NOTE | |
r-oldrel-macos-x86_64 | 1.6.3 | 780.00 | 113.00 | 893.00 | NOTE | |
r-oldrel-windows-x86_64 | 1.6.3 | 703.00 | 308.00 | 1011.00 | NOTE |
Version: 1.6.3
Check: HTML version of manual
Result: NOTE
Found the following HTML validation problems:
GPModel_shared_params.html:783:1 (GPModel_shared_params.Rd:421): Warning: missing </ul> before </div>
Flavors: r-devel-linux-x86_64-debian-clang, r-devel-linux-x86_64-debian-gcc
Version: 1.6.3
Check: installed package size
Result: NOTE
installed size is 256.9Mb
sub-directories of 1Mb or more:
libs 255.8Mb
Flavors: r-oldrel-macos-arm64, r-oldrel-macos-x86_64, r-oldrel-windows-x86_64