Last updated on 2025-11-20 02:49:16 CET.
| Flavor | Version | Tinstall | Tcheck | Ttotal | Status | Flags |
|---|---|---|---|---|---|---|
| r-devel-linux-x86_64-debian-clang | 1.1.1 | 9.16 | 34.12 | 43.28 | NOTE | |
| r-devel-linux-x86_64-debian-gcc | 1.1.1 | 6.33 | 25.23 | 31.56 | NOTE | |
| r-devel-linux-x86_64-fedora-clang | 1.1.1 | 16.00 | 48.37 | 64.37 | NOTE | |
| r-devel-linux-x86_64-fedora-gcc | 1.1.1 | 19.00 | 44.27 | 63.27 | NOTE | |
| r-devel-windows-x86_64 | 1.1.1 | 10.00 | 51.00 | 61.00 | NOTE | |
| r-patched-linux-x86_64 | 1.1.1 | 8.41 | 31.44 | 39.85 | NOTE | |
| r-release-linux-x86_64 | 1.1.1 | 7.22 | 31.31 | 38.53 | NOTE | |
| r-release-macos-arm64 | 1.1.1 | NOTE | ||||
| r-release-macos-x86_64 | 1.1.1 | 10.00 | 31.00 | 41.00 | NOTE | |
| r-release-windows-x86_64 | 1.1.1 | 13.00 | 48.00 | 61.00 | NOTE | |
| r-oldrel-macos-arm64 | 1.1.1 | NOTE | ||||
| r-oldrel-macos-x86_64 | 1.1.1 | 8.00 | 25.00 | 33.00 | NOTE | |
| r-oldrel-windows-x86_64 | 1.1.1 | 11.00 | 50.00 | 61.00 | NOTE |
Version: 1.1.1
Check: package subdirectories
Result: NOTE
Problems with news in ‘NEWS.md’:
No news entries found.
Flavors: r-devel-linux-x86_64-debian-clang, r-devel-linux-x86_64-debian-gcc, r-devel-linux-x86_64-fedora-clang, r-devel-linux-x86_64-fedora-gcc, r-devel-windows-x86_64, r-patched-linux-x86_64, r-release-linux-x86_64, r-release-macos-arm64, r-release-macos-x86_64, r-release-windows-x86_64, r-oldrel-macos-arm64, r-oldrel-macos-x86_64, r-oldrel-windows-x86_64
Version: 1.1.1
Check: LazyData
Result: NOTE
'LazyData' is specified without a 'data' directory
Flavors: r-oldrel-macos-arm64, r-oldrel-macos-x86_64, r-oldrel-windows-x86_64