Last updated on 2025-11-20 02:49:16 CET.
| Flavor | Version | Tinstall | Tcheck | Ttotal | Status | Flags |
|---|---|---|---|---|---|---|
| r-devel-linux-x86_64-debian-clang | 3.1.18 | 23.85 | 242.23 | 266.08 | OK | |
| r-devel-linux-x86_64-debian-gcc | 3.1.18 | 17.78 | 163.29 | 181.07 | OK | |
| r-devel-linux-x86_64-fedora-clang | 3.1.18 | 73.00 | 346.10 | 419.10 | OK | |
| r-devel-linux-x86_64-fedora-gcc | 3.1.18 | 101.00 | 329.15 | 430.15 | OK | |
| r-devel-windows-x86_64 | 3.1.18 | 29.00 | 223.00 | 252.00 | NOTE | |
| r-patched-linux-x86_64 | 3.1.18 | 27.56 | 219.64 | 247.20 | OK | |
| r-release-linux-x86_64 | 3.1.18 | 21.29 | 218.73 | 240.02 | OK | |
| r-release-macos-arm64 | 3.1.18 | OK | ||||
| r-release-macos-x86_64 | 3.1.18 | 23.00 | 149.00 | 172.00 | OK | |
| r-release-windows-x86_64 | 3.1.18 | 26.00 | 218.00 | 244.00 | OK | |
| r-oldrel-macos-arm64 | 3.1.18 | WARN | ||||
| r-oldrel-macos-x86_64 | 3.1.18 | 21.00 | 189.00 | 210.00 | WARN | |
| r-oldrel-windows-x86_64 | 3.1.18 | 35.00 | 289.00 | 324.00 | WARN |
Version: 3.1.18
Check: Rd files
Result: NOTE
checkRd: (-1) RicePrepped.dat.Rd:12-55: Only 4 columns allowed in this table (row 2 has 1)
checkRd: (-1) growthPheno-pkg.Rd:20-219: Only 2 columns allowed in this table (row 1 has 1)
checkRd: (-1) growthPheno-pkg.Rd:20-219: Only 2 columns allowed in this table (row 2 has 1)
checkRd: (-1) growthPheno-pkg.Rd:20-219: Only 2 columns allowed in this table (row 9 has 1)
checkRd: (-1) growthPheno-pkg.Rd:20-219: Only 2 columns allowed in this table (row 10 has 1)
checkRd: (-1) growthPheno-pkg.Rd:20-219: Only 2 columns allowed in this table (row 11 has 1)
checkRd: (-1) growthPheno-pkg.Rd:20-219: Only 2 columns allowed in this table (row 22 has 1)
checkRd: (-1) growthPheno-pkg.Rd:20-219: Only 2 columns allowed in this table (row 23 has 1)
checkRd: (-1) growthPheno-pkg.Rd:20-219: Only 2 columns allowed in this table (row 24 has 1)
checkRd: (-1) growthPheno-pkg.Rd:20-219: Only 2 columns allowed in this table (row 32 has 1)
checkRd: (-1) growthPheno-pkg.Rd:20-219: Only 2 columns allowed in this table (row 33 has 1)
checkRd: (-1) growthPheno-pkg.Rd:20-219: Only 2 columns allowed in this table (row 34 has 1)
checkRd: (-1) growthPheno-pkg.Rd:20-219: Only 2 columns allowed in this table (row 56 has 1)
checkRd: (-1) growthPheno-pkg.Rd:20-219: Only 2 columns allowed in this table (row 57 has 1)
checkRd: (-1) growthPheno-pkg.Rd:20-219: Only 2 columns allowed in this table (row 58 has 1)
checkRd: (-1) growthPheno-pkg.Rd:20-219: Only 2 columns allowed in this table (row 59 has 1)
checkRd: (-1) growthPheno-pkg.Rd:20-219: Only 2 columns allowed in this table (row 60 has 1)
checkRd: (-1) growthPheno-pkg.Rd:20-219: Only 2 columns allowed in this table (row 100 has 1)
checkRd: (-1) growthPheno-pkg.Rd:20-219: Only 2 columns allowed in this table (row 101 has 1)
checkRd: (-1) growthPheno-pkg.Rd:20-219: Only 2 columns allowed in this table (row 102 has 1)
checkRd: (-1) growthPheno-pkg.Rd:20-219: Only 2 columns allowed in this table (row 119 has 1)
checkRd: (-1) growthPheno-pkg.Rd:20-219: Only 2 columns allowed in this table (row 120 has 1)
checkRd: (-1) growthPheno-pkg.Rd:20-219: Only 2 columns allowed in this table (row 121 has 1)
checkRd: (-1) growthPheno-pkg.Rd:20-219: Only 2 columns allowed in this table (row 135 has 1)
checkRd: (-1) growthPheno-pkg.Rd:20-219: Only 2 columns allowed in this table (row 136 has 1)
checkRd: (-1) growthPheno-pkg.Rd:20-219: Only 2 columns allowed in this table (row 137 has 1)
checkRd: (-1) tomato.dat.Rd:12-37: Only 4 columns allowed in this table (row 2 has 1)
Flavor: r-devel-windows-x86_64
Version: 3.1.18
Check: Rd cross-references
Result: WARN
Missing link or links in Rd file 'growthPheno-pkg.Rd':
‘byIndv4Times_periodicRates ’
See section 'Cross-references' in the 'Writing R Extensions' manual.
Flavors: r-oldrel-macos-arm64, r-oldrel-macos-x86_64, r-oldrel-windows-x86_64