Last updated on 2025-10-22 01:51:27 CEST.
Flavor | Version | Tinstall | Tcheck | Ttotal | Status | Flags |
---|---|---|---|---|---|---|
r-devel-linux-x86_64-debian-clang | 0.3.2 | 4.54 | 60.94 | 65.48 | NOTE | |
r-devel-linux-x86_64-debian-gcc | 0.3.2 | 3.16 | 45.03 | 48.19 | NOTE | |
r-devel-linux-x86_64-fedora-clang | 0.3.2 | 19.00 | 80.94 | 99.94 | OK | |
r-devel-linux-x86_64-fedora-gcc | 0.3.2 | 106.31 | OK | |||
r-devel-windows-x86_64 | 0.3.2 | 7.00 | 76.00 | 83.00 | OK | |
r-patched-linux-x86_64 | 0.3.2 | 4.95 | 55.69 | 60.64 | OK | |
r-release-linux-x86_64 | 0.3.2 | 3.90 | 55.62 | 59.52 | OK | |
r-release-macos-arm64 | 0.3.2 | 3.00 | 55.00 | 58.00 | OK | |
r-release-macos-x86_64 | 0.3.2 | 4.00 | 67.00 | 71.00 | OK | |
r-release-windows-x86_64 | 0.3.2 | 7.00 | 77.00 | 84.00 | OK | |
r-oldrel-macos-arm64 | 0.3.2 | 2.00 | 37.00 | 39.00 | OK | |
r-oldrel-macos-x86_64 | 0.3.2 | 3.00 | 55.00 | 58.00 | OK | |
r-oldrel-windows-x86_64 | 0.3.2 | 9.00 | 94.00 | 103.00 | OK |
Version: 0.3.2
Check: CRAN incoming feasibility
Result: NOTE
Maintainer: ‘David Sjoberg <dav.sjob@gmail.com>’
No Authors@R field in DESCRIPTION.
Please add one, modifying
Authors@R: person(given = "David",
family = "Sjoberg",
role = c("aut", "cre"),
email = "dav.sjob@gmail.com")
as necessary.
Flavors: r-devel-linux-x86_64-debian-clang, r-devel-linux-x86_64-debian-gcc