Last updated on 2025-10-22 01:51:27 CEST.
Flavor | Version | Tinstall | Tcheck | Ttotal | Status | Flags |
---|---|---|---|---|---|---|
r-devel-linux-x86_64-debian-clang | 1.9.7 | 19.30 | 230.99 | 250.29 | NOTE | |
r-devel-linux-x86_64-debian-gcc | 1.9.7 | 13.91 | 149.05 | 162.96 | NOTE | |
r-devel-linux-x86_64-fedora-clang | 1.9.7 | 91.00 | 289.72 | 380.72 | OK | |
r-devel-linux-x86_64-fedora-gcc | 1.9.7 | 38.00 | 311.17 | 349.17 | OK | |
r-devel-windows-x86_64 | 1.9.7 | 24.00 | 196.00 | 220.00 | OK | |
r-patched-linux-x86_64 | 1.9.7 | 21.15 | 218.99 | 240.14 | OK | |
r-release-linux-x86_64 | 1.9.7 | 18.62 | 222.37 | 240.99 | OK | |
r-release-macos-arm64 | 1.9.7 | 9.00 | 94.00 | 103.00 | OK | |
r-release-macos-x86_64 | 1.9.7 | 18.00 | 200.00 | 218.00 | OK | |
r-release-windows-x86_64 | 1.9.7 | 28.00 | 199.00 | 227.00 | OK | |
r-oldrel-macos-arm64 | 1.9.7 | 9.00 | 68.00 | 77.00 | OK | |
r-oldrel-macos-x86_64 | 1.9.7 | 20.00 | 179.00 | 199.00 | OK | |
r-oldrel-windows-x86_64 | 1.9.7 | 34.00 | 295.00 | 329.00 | OK |
Version: 1.9.7
Check: HTML version of manual
Result: NOTE
Found the following HTML validation problems:
louis.info.html:57:1 (louis.info.Rd:37): Warning: missing </ul> before </div>
print.haplo.score.slide.html:63:1 (print.haplo.score.slide.Rd:35): Warning: missing </ul> before </div>
Flavors: r-devel-linux-x86_64-debian-clang, r-devel-linux-x86_64-debian-gcc