Last updated on 2025-10-21 01:48:34 CEST.
Flavor | Version | Tinstall | Tcheck | Ttotal | Status | Flags |
---|---|---|---|---|---|---|
r-devel-linux-x86_64-debian-clang | 1.3.3 | 191.25 | 37.63 | 228.88 | NOTE | |
r-devel-linux-x86_64-debian-gcc | 1.3.3 | 131.82 | 28.36 | 160.18 | NOTE | |
r-devel-linux-x86_64-fedora-clang | 1.3.3 | 364.85 | OK | |||
r-devel-linux-x86_64-fedora-gcc | 1.3.3 | 393.27 | OK | |||
r-devel-windows-x86_64 | 1.3.3 | 191.00 | 90.00 | 281.00 | OK | |
r-patched-linux-x86_64 | 1.3.3 | 183.20 | 35.76 | 218.96 | OK | |
r-release-linux-x86_64 | 1.3.3 | 177.65 | 36.33 | 213.98 | OK | |
r-release-macos-arm64 | 1.3.3 | 82.00 | OK | |||
r-release-macos-x86_64 | 1.3.3 | 86.00 | OK | |||
r-release-windows-x86_64 | 1.3.3 | 195.00 | 88.00 | 283.00 | OK | |
r-oldrel-macos-arm64 | 1.3.3 | 47.00 | NOTE | |||
r-oldrel-macos-x86_64 | 1.3.3 | 47.00 | NOTE | |||
r-oldrel-windows-x86_64 | 1.3.3 | 233.00 | 105.00 | 338.00 | OK |
Version: 1.3.3
Check: CRAN incoming feasibility
Result: NOTE
Maintainer: ‘Potanin Bogdan <bogdanpotanin@gmail.com>’
No Authors@R field in DESCRIPTION.
Please add one, modifying
Authors@R: person(given = "Potanin",
family = "Bogdan",
role = c("aut", "cre"),
email = "bogdanpotanin@gmail.com")
as necessary.
Flavors: r-devel-linux-x86_64-debian-clang, r-devel-linux-x86_64-debian-gcc
Version: 1.3.3
Check: HTML version of manual
Result: NOTE
Found the following HTML validation problems:
coef.hpaBinary.html:51:1 (coef.hpaBinary.Rd:12): Warning: missing </ul> before </div>
coef.hpaML.html:51:1 (coef.hpaML.Rd:12): Warning: missing </ul> before </div>
coef.hpaSelection.html:58:1 (coef.hpaSelection.Rd:17): Warning: missing </ul> before </div>
logLik.hpaBinary.html:51:1 (logLik.hpaBinary.Rd:12): Warning: missing </ul> before </div>
logLik.hpaML.html:51:1 (logLik.hpaML.Rd:12): Warning: missing </ul> before </div>
logLik.hpaSelection.html:51:1 (logLik.hpaSelection.Rd:12): Warning: missing </ul> before </div>
logLik_hpaBinary.html:46:1 (logLik_hpaBinary.Rd:10): Warning: missing </ul> before </div>
logLik_hpaML.html:46:1 (logLik_hpaML.Rd:10): Warning: missing </ul> before </div>
logLik_hpaSelection.html:47:1 (logLik_hpaSelection.Rd:10): Warning: missing </ul> before </div>
mecdf.html:48:1 (mecdf.Rd:10): Warning: missing </ul> before </div>
plot.hpaBinary.html:56:1 (plot.hpaBinary.Rd:15): Warning: missing </ul> before </div>
plot.hpaML.html:70:1 (plot.hpaML.Rd:25): Warning: missing </ul> before </div>
plot.hpaSelection.html:62:1 (plot.hpaSelection.Rd:19): Warning: missing </ul> before </div>
pnorm_parallel.html:63:1 (pnorm_parallel.Rd:19): Warning: missing </ul> before </div>
print.hpaBinary.html:51:1 (print.hpaBinary.Rd:12): Warning: missing </ul> before </div>
print.hpaML.html:51:1 (print.hpaML.Rd:12): Warning: missing </ul> before </div>
print.hpaSelection.html:51:1 (print.hpaSelection.Rd:12): Warning: missing </ul> before </div>
print.summary.hpaBinary.html:51:1 (print.summary.hpaBinary.Rd:12): Warning: missing </ul> before </div>
print.summary.hpaML.html:51:1 (print.summary.hpaML.Rd:12): Warning: missing </ul> before </div>
print.summary.hpaSelection.html:51:1 (print.summary.hpaSelection.Rd:12): Warning: missing </ul> before </div>
print_summary_hpaBinary.html:46:1 (print_summary_hpaBinary.Rd:10): Warning: missing </ul> before </div>
print_summary_hpaML.html:46:1 (print_summary_hpaML.Rd:10): Warning: missing </ul> before </div>
print_summary_hpaSelection.html:46:1 (print_summary_hpaSelection.Rd:10): Warning: missing </ul> before </div>
vcov.hpaBinary.html:51:1 (vcov.hpaBinary.Rd:12): Warning: missing </ul> before </div>
vcov.hpaML.html:51:1 (vcov.hpaML.Rd:12): Warning: missing </ul> before </div>
vcov.hpaSelection.html:51:1 (vcov.hpaSelection.Rd:12): Warning: missing </ul> before </div>
Flavor: r-devel-linux-x86_64-debian-gcc
Version: 1.3.3
Check: installed package size
Result: NOTE
installed size is 16.9Mb
sub-directories of 1Mb or more:
libs 16.6Mb
Flavors: r-oldrel-macos-arm64, r-oldrel-macos-x86_64