Last updated on 2025-10-22 01:51:27 CEST.
Flavor | Version | Tinstall | Tcheck | Ttotal | Status | Flags |
---|---|---|---|---|---|---|
r-devel-linux-x86_64-debian-clang | 1.1.0 | 2.50 | 35.47 | 37.97 | NOTE | |
r-devel-linux-x86_64-debian-gcc | 1.1.0 | 1.69 | 27.55 | 29.24 | NOTE | |
r-devel-linux-x86_64-fedora-clang | 1.1.0 | 57.90 | OK | |||
r-devel-linux-x86_64-fedora-gcc | 1.1.0 | 66.49 | OK | |||
r-devel-windows-x86_64 | 1.1.0 | 6.00 | 58.00 | 64.00 | OK | |
r-patched-linux-x86_64 | 1.1.0 | 3.34 | 33.17 | 36.51 | OK | |
r-release-linux-x86_64 | 1.1.0 | 2.50 | 32.96 | 35.46 | OK | |
r-release-macos-arm64 | 1.1.0 | 2.00 | 28.00 | 30.00 | OK | |
r-release-macos-x86_64 | 1.1.0 | 3.00 | 48.00 | 51.00 | OK | |
r-release-windows-x86_64 | 1.1.0 | 5.00 | 59.00 | 64.00 | OK | |
r-oldrel-macos-arm64 | 1.1.0 | 2.00 | 33.00 | 35.00 | OK | |
r-oldrel-macos-x86_64 | 1.1.0 | 3.00 | 53.00 | 56.00 | OK | |
r-oldrel-windows-x86_64 | 1.1.0 | 6.00 | 66.00 | 72.00 | OK |
Version: 1.1.0
Check: HTML version of manual
Result: NOTE
Found the following HTML validation problems:
check_reset.html:48:1 (check_reset.Rd:10): Warning: missing </ul> before </div>
Flavors: r-devel-linux-x86_64-debian-clang, r-devel-linux-x86_64-debian-gcc