Last updated on 2024-07-18 01:55:33 CEST.
Flavor | Version | Tinstall | Tcheck | Ttotal | Status | Flags |
---|---|---|---|---|---|---|
r-devel-linux-x86_64-debian-clang | 1.2.0 | 6.77 | 51.88 | 58.65 | NOTE | |
r-devel-linux-x86_64-debian-gcc | 1.2.0 | 4.86 | 39.18 | 44.04 | NOTE | |
r-devel-linux-x86_64-fedora-clang | 1.2.0 | 77.38 | NOTE | |||
r-devel-linux-x86_64-fedora-gcc | 1.2.0 | 68.73 | NOTE | |||
r-devel-windows-x86_64 | 1.2.0 | 7.00 | 75.00 | 82.00 | NOTE | |
r-patched-linux-x86_64 | 1.2.0 | 8.23 | 51.12 | 59.35 | NOTE | |
r-release-linux-x86_64 | 1.2.0 | 6.28 | 51.10 | 57.38 | NOTE | |
r-release-macos-arm64 | 1.2.0 | 25.00 | NOTE | |||
r-release-macos-x86_64 | 1.2.0 | 35.00 | NOTE | |||
r-release-windows-x86_64 | 1.2.0 | 5.00 | 75.00 | 80.00 | NOTE | |
r-oldrel-macos-arm64 | 1.2.0 | 28.00 | OK | |||
r-oldrel-macos-x86_64 | 1.2.0 | 37.00 | OK | |||
r-oldrel-windows-x86_64 | 1.2.0 | 6.00 | 79.00 | 85.00 | OK |
Version: 1.2.0
Check: Rd files
Result: NOTE
checkRd: (-1) kmpp.Rd:27: Lost braces
27 | \item{call}{a string containing the matched function call that generates this sQuote{inaparc} object.}
| ^
Flavors: r-devel-linux-x86_64-debian-clang, r-devel-linux-x86_64-debian-gcc, r-devel-linux-x86_64-fedora-clang, r-devel-linux-x86_64-fedora-gcc, r-devel-windows-x86_64, r-patched-linux-x86_64, r-release-linux-x86_64, r-release-macos-arm64, r-release-macos-x86_64, r-release-windows-x86_64