CRAN Package Check Results for Package inegiR

Last updated on 2025-11-20 02:49:17 CET.

Flavor Version Tinstall Tcheck Ttotal Status Flags
r-devel-linux-x86_64-debian-clang 3.0.0 6.32 56.20 62.52 NOTE
r-devel-linux-x86_64-debian-gcc 3.0.0 4.90 41.44 46.34 NOTE
r-devel-linux-x86_64-fedora-clang 3.0.0 19.00 79.77 98.77 OK
r-devel-linux-x86_64-fedora-gcc 3.0.0 15.00 73.73 88.73 OK
r-devel-windows-x86_64 3.0.0 11.00 68.00 79.00 OK
r-patched-linux-x86_64 3.0.0 7.11 52.39 59.50 OK
r-release-linux-x86_64 3.0.0 6.69 52.21 58.90 OK
r-release-macos-arm64 3.0.0 OK
r-release-macos-x86_64 3.0.0 7.00 45.00 52.00 OK
r-release-windows-x86_64 3.0.0 9.00 67.00 76.00 OK
r-oldrel-macos-arm64 3.0.0 OK
r-oldrel-macos-x86_64 3.0.0 8.00 39.00 47.00 OK
r-oldrel-windows-x86_64 3.0.0 10.00 94.00 104.00 OK

Check Details

Version: 3.0.0
Check: CRAN incoming feasibility
Result: NOTE Maintainer: ‘Eduardo Flores <eduardo@enelmargen.org>’ No Authors@R field in DESCRIPTION. Please add one, modifying Authors@R: person(given = "Eduardo", family = "Flores", role = c("aut", "cre"), email = "eduardo@enelmargen.org") as necessary. Flavors: r-devel-linux-x86_64-debian-clang, r-devel-linux-x86_64-debian-gcc