Last updated on 2024-05-09 01:55:58 CEST.
Flavor | Version | Tinstall | Tcheck | Ttotal | Status | Flags |
---|---|---|---|---|---|---|
r-devel-linux-x86_64-debian-clang | 1.1-6 | 190.91 | 238.63 | 429.54 | OK | |
r-devel-linux-x86_64-debian-gcc | 1.1-6 | 151.72 | 185.98 | 337.70 | OK | |
r-devel-linux-x86_64-fedora-clang | 1.1-6 | 542.61 | OK | |||
r-devel-linux-x86_64-fedora-gcc | 1.1-6 | 659.50 | OK | |||
r-devel-windows-x86_64 | 1.1-6 | 125.00 | 279.00 | 404.00 | OK | |
r-patched-linux-x86_64 | 1.1-6 | 194.94 | 245.74 | 440.68 | OK | |
r-release-linux-x86_64 | 1.1-6 | 187.50 | 237.39 | 424.89 | OK | |
r-release-macos-arm64 | 1.1-6 | 137.00 | NOTE | |||
r-release-macos-x86_64 | 1.1-6 | 432.00 | NOTE | |||
r-release-windows-x86_64 | 1.1-6 | 132.00 | 281.00 | 413.00 | OK | |
r-oldrel-macos-arm64 | 1.1-6 | 198.00 | NOTE | |||
r-oldrel-macos-x86_64 | 1.1-6 | 604.00 | NOTE | |||
r-oldrel-windows-x86_64 | 1.1-6 | 163.00 | 330.00 | 493.00 | OK |
Version: 1.1-6
Check: installed package size
Result: NOTE
installed size is 33.2Mb
sub-directories of 1Mb or more:
doc 1.1Mb
libs 31.8Mb
Flavors: r-release-macos-arm64, r-release-macos-x86_64, r-oldrel-macos-arm64, r-oldrel-macos-x86_64