Last updated on 2025-11-20 03:50:13 CET.
| Flavor | Version | Tinstall | Tcheck | Ttotal | Status | Flags |
|---|---|---|---|---|---|---|
| r-devel-linux-x86_64-debian-clang | 1.0 | 1.73 | 20.40 | 22.13 | OK | |
| r-devel-linux-x86_64-debian-gcc | 1.0 | 1.38 | 16.75 | 18.13 | OK | |
| r-devel-linux-x86_64-fedora-clang | 1.0 | 32.88 | OK | |||
| r-devel-linux-x86_64-fedora-gcc | 1.0 | 31.66 | OK | |||
| r-devel-windows-x86_64 | 1.0 | 5.00 | 39.00 | 44.00 | OK | |
| r-patched-linux-x86_64 | 1.0 | 1.68 | 19.24 | 20.92 | OK | |
| r-release-linux-x86_64 | 1.0 | 1.68 | 19.28 | 20.96 | OK | |
| r-release-macos-arm64 | 1.0 | OK | ||||
| r-release-macos-x86_64 | 1.0 | 2.00 | 22.00 | 24.00 | OK | |
| r-release-windows-x86_64 | 1.0 | 2.00 | 38.00 | 40.00 | OK | |
| r-oldrel-macos-arm64 | 1.0 | NOTE | ||||
| r-oldrel-macos-x86_64 | 1.0 | 2.00 | 18.00 | 20.00 | NOTE | |
| r-oldrel-windows-x86_64 | 1.0 | 3.00 | 53.00 | 56.00 | NOTE |
Version: 1.0
Check: LazyData
Result: NOTE
'LazyData' is specified without a 'data' directory
Flavors: r-oldrel-macos-arm64, r-oldrel-macos-x86_64, r-oldrel-windows-x86_64