Last updated on 2025-11-20 03:50:13 CET.
| Flavor | Version | Tinstall | Tcheck | Ttotal | Status | Flags |
|---|---|---|---|---|---|---|
| r-devel-linux-x86_64-debian-clang | 0.2.9 | 128.60 | 204.19 | 332.79 | OK | |
| r-devel-linux-x86_64-debian-gcc | 0.2.9 | 105.59 | 132.00 | 237.59 | OK | |
| r-devel-linux-x86_64-fedora-clang | 0.2.9 | 267.00 | 271.86 | 538.86 | OK | |
| r-devel-linux-x86_64-fedora-gcc | 0.2.9 | 344.00 | 224.23 | 568.23 | OK | |
| r-devel-windows-x86_64 | 0.2.9 | 165.00 | 219.00 | 384.00 | OK | |
| r-patched-linux-x86_64 | 0.2.9 | 152.32 | 188.52 | 340.84 | OK | |
| r-release-linux-x86_64 | 0.2.9 | 150.97 | 184.94 | 335.91 | OK | |
| r-release-macos-arm64 | 0.2.9 | OK | ||||
| r-release-macos-x86_64 | 0.2.9 | 49.00 | 153.00 | 202.00 | OK | |
| r-release-windows-x86_64 | 0.2.9 | 141.00 | 219.00 | 360.00 | OK | |
| r-oldrel-macos-arm64 | 0.2.9 | NOTE | ||||
| r-oldrel-macos-x86_64 | 0.2.9 | 47.00 | 113.00 | 160.00 | NOTE | |
| r-oldrel-windows-x86_64 | 0.2.9 | 145.00 | 310.00 | 455.00 | OK |
Version: 0.2.9
Check: installed package size
Result: NOTE
installed size is 9.8Mb
sub-directories of 1Mb or more:
libs 8.1Mb
Flavors: r-oldrel-macos-arm64, r-oldrel-macos-x86_64