Last updated on 2025-11-20 03:50:13 CET.
| Flavor | Version | Tinstall | Tcheck | Ttotal | Status | Flags |
|---|---|---|---|---|---|---|
| r-devel-linux-x86_64-debian-clang | 4.1.0.1 | 4.20 | 28.80 | 33.00 | NOTE | |
| r-devel-linux-x86_64-debian-gcc | 4.1.0.1 | 3.08 | 23.29 | 26.37 | NOTE | |
| r-devel-linux-x86_64-fedora-clang | 4.1.0.1 | 45.94 | OK | |||
| r-devel-linux-x86_64-fedora-gcc | 4.1.0.1 | 46.31 | OK | |||
| r-devel-windows-x86_64 | 4.1.0.1 | 9.00 | 49.00 | 58.00 | OK | |
| r-patched-linux-x86_64 | 4.1.0.1 | 4.29 | 28.15 | 32.44 | OK | |
| r-release-linux-x86_64 | 4.1.0.1 | 4.08 | 27.87 | 31.95 | OK | |
| r-release-macos-arm64 | 4.1.0.1 | OK | ||||
| r-release-macos-x86_64 | 4.1.0.1 | 5.00 | 29.00 | 34.00 | OK | |
| r-release-windows-x86_64 | 4.1.0.1 | 7.00 | 49.00 | 56.00 | OK | |
| r-oldrel-macos-arm64 | 4.1.0.1 | OK | ||||
| r-oldrel-macos-x86_64 | 4.1.0.1 | 4.00 | 26.00 | 30.00 | OK | |
| r-oldrel-windows-x86_64 | 4.1.0.1 | 11.00 | 57.00 | 68.00 | OK |
Version: 4.1.0.1
Check: CRAN incoming feasibility
Result: NOTE
Maintainer: ‘Brian Close <brian.close@gmail.com>’
No Authors@R field in DESCRIPTION.
Please add one, modifying
Authors@R: c(person(given = "Brian",
family = "Close",
role = c("aut", "cre"),
email = "brian.close@gmail.com"),
person(given = "Igor",
family = "Zurbenko",
role = "aut",
email = "IZurbenko@albany.edu"),
person(given = "Mingzeng",
family = "Sun",
role = "aut",
email = "msun@albany.edu"))
as necessary.
Flavors: r-devel-linux-x86_64-debian-clang, r-devel-linux-x86_64-debian-gcc