Last updated on 2024-05-11 01:50:41 CEST.
Flavor | Version | Tinstall | Tcheck | Ttotal | Status | Flags |
---|---|---|---|---|---|---|
r-devel-linux-x86_64-debian-clang | 2.1.2 | 159.98 | 299.08 | 459.06 | OK | |
r-devel-linux-x86_64-debian-gcc | 2.1.2 | 123.15 | 208.71 | 331.86 | OK | |
r-devel-linux-x86_64-fedora-clang | 2.1.2 | 687.97 | OK | |||
r-devel-linux-x86_64-fedora-gcc | 2.1.2 | 681.88 | OK | |||
r-devel-windows-x86_64 | 2.1.2 | 131.00 | 282.00 | 413.00 | OK | |
r-patched-linux-x86_64 | 2.1.2 | 174.10 | 271.62 | 445.72 | OK | |
r-release-linux-x86_64 | 2.1.2 | 161.76 | 276.55 | 438.31 | OK | |
r-release-macos-arm64 | 2.1.2 | 142.00 | NOTE | |||
r-release-macos-x86_64 | 2.1.2 | 349.00 | NOTE | |||
r-release-windows-x86_64 | 2.1.2 | 128.00 | 281.00 | 409.00 | OK | |
r-oldrel-macos-arm64 | 2.1.2 | 144.00 | NOTE | |||
r-oldrel-macos-x86_64 | 2.1.2 | 265.00 | NOTE | |||
r-oldrel-windows-x86_64 | 2.1.2 | 157.00 | 331.00 | 488.00 | OK |
Version: 2.1.2
Check: installed package size
Result: NOTE
installed size is 5.2Mb
sub-directories of 1Mb or more:
libs 3.5Mb
Flavors: r-release-macos-arm64, r-release-macos-x86_64, r-oldrel-macos-arm64, r-oldrel-macos-x86_64