Last updated on 2025-10-26 01:49:53 CEST.
| Flavor | Version | Tinstall | Tcheck | Ttotal | Status | Flags |
|---|---|---|---|---|---|---|
| r-devel-linux-x86_64-debian-clang | 2.3.0 | 49.74 | 135.20 | 184.94 | OK | |
| r-devel-linux-x86_64-debian-gcc | 2.3.0 | 34.70 | 92.89 | 127.59 | OK | |
| r-devel-linux-x86_64-fedora-clang | 2.3.0 | 266.00 | 67.59 | 333.59 | OK | |
| r-devel-linux-x86_64-fedora-gcc | 2.3.0 | 68.00 | 241.10 | 309.10 | OK | |
| r-devel-windows-x86_64 | 2.3.0 | 55.00 | 164.00 | 219.00 | OK | |
| r-patched-linux-x86_64 | 2.3.0 | 50.51 | 125.49 | 176.00 | OK | |
| r-release-linux-x86_64 | 2.3.0 | 49.83 | 127.28 | 177.11 | OK | |
| r-release-macos-arm64 | 2.3.0 | 23.00 | 55.00 | 78.00 | OK | |
| r-release-macos-x86_64 | 2.3.0 | 34.00 | 132.00 | 166.00 | OK | |
| r-release-windows-x86_64 | 2.3.0 | 63.00 | 167.00 | 230.00 | OK | |
| r-oldrel-macos-arm64 | 2.3.0 | 24.00 | 59.00 | 83.00 | OK | |
| r-oldrel-macos-x86_64 | 2.3.0 | 46.00 | 124.00 | 170.00 | OK | |
| r-oldrel-windows-x86_64 | 2.3.0 | 75.00 | 218.00 | 293.00 | NOTE |
Version: 2.3.0
Check: package dependencies
Result: NOTE
Package suggested but not available for checking: 'doMC'
Flavor: r-oldrel-windows-x86_64