Last updated on 2024-05-21 02:02:06 CEST.
Flavor | Version | Tinstall | Tcheck | Ttotal | Status | Flags |
---|---|---|---|---|---|---|
r-devel-linux-x86_64-debian-clang | 1.1.6 | 179.07 | 97.46 | 276.53 | NOTE | |
r-devel-linux-x86_64-debian-gcc | 1.1.6 | 119.77 | 76.15 | 195.92 | NOTE | |
r-devel-linux-x86_64-fedora-clang | 1.1.6 | 448.14 | NOTE | |||
r-devel-linux-x86_64-fedora-gcc | 1.1.6 | 427.17 | NOTE | |||
r-devel-windows-x86_64 | 1.1.6 | 129.00 | 109.00 | 238.00 | NOTE | |
r-patched-linux-x86_64 | 1.1.6 | 171.19 | 95.43 | 266.62 | NOTE | |
r-release-linux-x86_64 | 1.1.6 | 168.19 | 95.16 | 263.35 | NOTE | |
r-release-macos-arm64 | 1.1.6 | 111.00 | NOTE | |||
r-release-windows-x86_64 | 1.1.6 | 136.00 | 105.00 | 241.00 | NOTE | |
r-oldrel-macos-arm64 | 1.1.6 | 132.00 | NOTE | |||
r-oldrel-macos-x86_64 | 1.1.6 | 198.00 | NOTE | |||
r-oldrel-windows-x86_64 | 1.1.6 | 140.00 | 137.00 | 277.00 | NOTE |
Version: 1.1.6
Check: C++ specification
Result: NOTE
Specified C++11: please drop specification unless essential
Flavors: r-devel-linux-x86_64-debian-clang, r-devel-linux-x86_64-debian-gcc, r-devel-linux-x86_64-fedora-clang, r-devel-linux-x86_64-fedora-gcc, r-devel-windows-x86_64, r-patched-linux-x86_64, r-release-linux-x86_64, r-release-macos-arm64, r-release-windows-x86_64, r-oldrel-macos-arm64, r-oldrel-macos-x86_64, r-oldrel-windows-x86_64