Last updated on 2025-10-28 02:50:51 CET.
| Flavor | Version | Tinstall | Tcheck | Ttotal | Status | Flags | 
|---|---|---|---|---|---|---|
| r-devel-linux-x86_64-debian-clang | 2.1.1 | 53.03 | 351.96 | 404.99 | NOTE | |
| r-devel-linux-x86_64-debian-gcc | 2.1.1 | 38.33 | 259.66 | 297.99 | NOTE | |
| r-devel-linux-x86_64-fedora-clang | 2.1.1 | 219.00 | 436.52 | 655.52 | OK | |
| r-devel-linux-x86_64-fedora-gcc | 2.1.1 | 215.00 | 443.03 | 658.03 | OK | |
| r-devel-windows-x86_64 | 2.1.1 | 52.00 | 294.00 | 346.00 | OK | |
| r-patched-linux-x86_64 | 2.1.1 | 48.55 | 341.50 | 390.05 | OK | |
| r-release-linux-x86_64 | 2.1.1 | 51.46 | 338.62 | 390.08 | OK | |
| r-release-macos-arm64 | 2.1.1 | 9.00 | 5.00 | 14.00 | ERROR | |
| r-release-macos-x86_64 | 2.1.1 | 9.00 | ERROR | |||
| r-release-windows-x86_64 | 2.1.1 | 50.00 | 293.00 | 343.00 | OK | |
| r-oldrel-macos-arm64 | 2.1.1 | 26.00 | 135.00 | 161.00 | OK | |
| r-oldrel-macos-x86_64 | 2.1.1 | 37.00 | 190.00 | 227.00 | OK | |
| r-oldrel-windows-x86_64 | 2.1.1 | 75.00 | 391.00 | 466.00 | OK | 
Version: 2.1.1
Check: CRAN incoming feasibility
Result: NOTE
  Maintainer: ‘Lana Garmire <lana.garmire.group@gmail.com>’
  
  Package CITATION file contains call(s) to old-style personList() or
  as.personList().  Please use c() on person objects instead.
  Package CITATION file contains call(s) to old-style citEntry().  Please
  use bibentry() instead.
Flavors: r-devel-linux-x86_64-debian-clang, r-devel-linux-x86_64-debian-gcc
Version: 2.1.1
Check: whether package can be installed
Result: ERROR
  Installation failed.
Flavor: r-release-macos-arm64
Version: 2.1.1
Check: package dependencies
Result: ERROR
  Package required but not available: ‘pathview’
  
  See section ‘The DESCRIPTION file’ in the ‘Writing R Extensions’
  manual.
Flavor: r-release-macos-x86_64