Last updated on 2025-10-22 01:51:29 CEST.
Flavor | Version | Tinstall | Tcheck | Ttotal | Status | Flags |
---|---|---|---|---|---|---|
r-devel-linux-x86_64-debian-clang | 0.2.0 | 47.48 | 38.40 | 85.88 | OK | |
r-devel-linux-x86_64-debian-gcc | 0.2.0 | 34.62 | 30.88 | 65.50 | OK | |
r-devel-linux-x86_64-fedora-clang | 0.2.0 | 135.00 | 8.45 | 143.45 | OK | |
r-devel-linux-x86_64-fedora-gcc | 0.2.0 | 125.00 | 40.59 | 165.59 | OK | |
r-devel-windows-x86_64 | 0.2.0 | 64.00 | 94.00 | 158.00 | OK | |
r-patched-linux-x86_64 | 0.2.0 | 48.86 | 35.36 | 84.22 | OK | |
r-release-linux-x86_64 | 0.2.0 | 50.99 | 35.19 | 86.18 | OK | |
r-release-macos-arm64 | 0.2.0 | 24.00 | 30.00 | 54.00 | OK | |
r-release-macos-x86_64 | 0.2.0 | 63.00 | 93.00 | 156.00 | OK | |
r-release-windows-x86_64 | 0.2.0 | 67.00 | 76.00 | 143.00 | OK | |
r-oldrel-macos-arm64 | 0.2.0 | 23.00 | 35.00 | 58.00 | NOTE | |
r-oldrel-macos-x86_64 | 0.2.0 | 42.00 | 99.00 | 141.00 | NOTE | |
r-oldrel-windows-x86_64 | 0.2.0 | 73.00 | 80.00 | 153.00 | NOTE |
Version: 0.2.0
Check: for GNU extensions in Makefiles
Result: NOTE
GNU make is a SystemRequirements.
Flavors: r-oldrel-macos-arm64, r-oldrel-macos-x86_64, r-oldrel-windows-x86_64