Last updated on 2025-11-20 03:50:14 CET.
| Flavor | Version | Tinstall | Tcheck | Ttotal | Status | Flags |
|---|---|---|---|---|---|---|
| r-devel-linux-x86_64-debian-clang | 0.8 | 3.93 | 40.37 | 44.30 | NOTE | |
| r-devel-linux-x86_64-debian-gcc | 0.8 | 3.31 | 31.02 | 34.33 | NOTE | |
| r-devel-linux-x86_64-fedora-clang | 0.8 | 11.00 | 57.80 | 68.80 | OK | |
| r-devel-linux-x86_64-fedora-gcc | 0.8 | 10.00 | 53.64 | 63.64 | OK | |
| r-devel-windows-x86_64 | 0.8 | 8.00 | 54.00 | 62.00 | OK | |
| r-patched-linux-x86_64 | 0.8 | 4.01 | 37.29 | 41.30 | OK | |
| r-release-linux-x86_64 | 0.8 | 3.90 | 37.71 | 41.61 | OK | |
| r-release-macos-arm64 | 0.8 | OK | ||||
| r-release-macos-x86_64 | 0.8 | 4.00 | 39.00 | 43.00 | OK | |
| r-release-windows-x86_64 | 0.8 | 6.00 | 52.00 | 58.00 | OK | |
| r-oldrel-macos-arm64 | 0.8 | OK | ||||
| r-oldrel-macos-x86_64 | 0.8 | 3.00 | 31.00 | 34.00 | OK | |
| r-oldrel-windows-x86_64 | 0.8 | 7.00 | 65.00 | 72.00 | OK |
Version: 0.8
Check: CRAN incoming feasibility
Result: NOTE
Maintainer: ‘Rahul Premraj <r.premraj+mailR@gmail.com>’
No Authors@R field in DESCRIPTION.
Please add one, modifying
Authors@R: person(given = "Rahul",
family = "Premraj",
role = c("aut", "cre"),
email = "r.premraj+mailr@gmail.com")
as necessary.
Flavors: r-devel-linux-x86_64-debian-clang, r-devel-linux-x86_64-debian-gcc