CRAN Package Check Results for Package memuse

Last updated on 2025-10-22 01:51:30 CEST.

Flavor Version Tinstall Tcheck Ttotal Status Flags
r-devel-linux-x86_64-debian-clang 4.2-3 8.11 44.98 53.09 NOTE
r-devel-linux-x86_64-debian-gcc 4.2-3 6.84 35.67 42.51 NOTE
r-devel-linux-x86_64-fedora-clang 4.2-3 26.00 55.63 81.63 OK
r-devel-linux-x86_64-fedora-gcc 4.2-3 21.00 68.42 89.42 OK
r-devel-windows-x86_64 4.2-3 28.00 71.00 99.00 OK
r-patched-linux-x86_64 4.2-3 6.51 42.07 48.58 OK
r-release-linux-x86_64 4.2-3 7.05 42.16 49.21 OK
r-release-macos-arm64 4.2-3 11.00 32.00 43.00 OK
r-release-macos-x86_64 4.2-3 16.00 55.00 71.00 OK
r-release-windows-x86_64 4.2-3 27.00 80.00 107.00 OK
r-oldrel-macos-arm64 4.2-3 10.00 41.00 51.00 OK
r-oldrel-macos-x86_64 4.2-3 11.00 45.00 56.00 OK
r-oldrel-windows-x86_64 4.2-3 27.00 71.00 98.00 OK

Check Details

Version: 4.2-3
Check: CRAN incoming feasibility
Result: NOTE Maintainer: ‘Drew Schmidt <wrathematics@gmail.com>’ Package CITATION file contains call(s) to old-style personList() or as.personList(). Please use c() on person objects instead. Package CITATION file contains call(s) to old-style citEntry(). Please use bibentry() instead. Flavors: r-devel-linux-x86_64-debian-clang, r-devel-linux-x86_64-debian-gcc

Version: 4.2-3
Check: HTML version of manual
Result: NOTE Found the following HTML validation problems: print-hr.html:51:1 (print-hr.Rd:13): Warning: missing </ul> before </div> print-sysinfo.html:51:1 (print-sysinfo.Rd:13): Warning: missing </ul> before </div> Flavors: r-devel-linux-x86_64-debian-clang, r-devel-linux-x86_64-debian-gcc