Last updated on 2025-10-23 02:50:00 CEST.
Flavor | Version | Tinstall | Tcheck | Ttotal | Status | Flags |
---|---|---|---|---|---|---|
r-devel-linux-x86_64-debian-clang | 3.18-36 | 111.27 | 184.20 | 295.47 | OK | |
r-devel-linux-x86_64-debian-gcc | 3.18-36 | 70.85 | 121.89 | 192.74 | OK | |
r-devel-linux-x86_64-fedora-clang | 3.18-36 | 452.00 | 66.58 | 518.58 | OK | |
r-devel-linux-x86_64-fedora-gcc | 3.18-36 | 205.00 | 249.92 | 454.92 | OK | |
r-devel-windows-x86_64 | 3.18-36 | 127.00 | 220.00 | 347.00 | OK | |
r-patched-linux-x86_64 | 3.18-36 | 113.65 | 168.99 | 282.64 | OK | |
r-release-linux-x86_64 | 3.18-36 | 100.94 | 167.93 | 268.87 | OK | |
r-release-macos-arm64 | 3.18-36 | 39.00 | 64.00 | 103.00 | OK | |
r-release-macos-x86_64 | 3.18-36 | 53.00 | 145.00 | 198.00 | OK | |
r-release-windows-x86_64 | 3.18-36 | 129.00 | 210.00 | 339.00 | OK | |
r-oldrel-macos-arm64 | 3.18-36 | 40.00 | 70.00 | 110.00 | NOTE | |
r-oldrel-macos-x86_64 | 3.18-36 | 49.00 | 146.00 | 195.00 | NOTE | |
r-oldrel-windows-x86_64 | 3.18-36 | 151.00 | 266.00 | 417.00 | OK |
Version: 3.18-36
Check: installed package size
Result: NOTE
installed size is 7.8Mb
sub-directories of 1Mb or more:
libs 6.1Mb
Flavors: r-oldrel-macos-arm64, r-oldrel-macos-x86_64