Last updated on 2025-10-22 01:51:30 CEST.
Flavor | Version | Tinstall | Tcheck | Ttotal | Status | Flags |
---|---|---|---|---|---|---|
r-devel-linux-x86_64-debian-clang | 1.5.1 | 61.36 | 314.58 | 375.94 | OK | |
r-devel-linux-x86_64-debian-gcc | 1.5.1 | 40.12 | 254.38 | 294.50 | OK | |
r-devel-linux-x86_64-fedora-clang | 1.5.1 | 158.00 | 396.36 | 554.36 | OK | |
r-devel-linux-x86_64-fedora-gcc | 1.5.1 | 116.00 | 380.76 | 496.76 | OK | |
r-devel-windows-x86_64 | 1.5.1 | 67.00 | 242.00 | 309.00 | OK | |
r-patched-linux-x86_64 | 1.5.1 | 60.26 | 304.66 | 364.92 | OK | |
r-release-linux-x86_64 | 1.5.1 | 63.18 | 296.46 | 359.64 | OK | |
r-release-macos-arm64 | 1.5.1 | 21.00 | 130.00 | 151.00 | OK | |
r-release-macos-x86_64 | 1.5.1 | 36.00 | 293.00 | 329.00 | OK | |
r-release-windows-x86_64 | 1.5.1 | 66.00 | 251.00 | 317.00 | OK | |
r-oldrel-macos-arm64 | 1.5.1 | 22.00 | 130.00 | 152.00 | NOTE | |
r-oldrel-macos-x86_64 | 1.5.1 | 30.00 | 286.00 | 316.00 | NOTE | |
r-oldrel-windows-x86_64 | 1.5.1 | 82.00 | 339.00 | 421.00 | OK |
Version: 1.5.1
Check: installed package size
Result: NOTE
installed size is 6.1Mb
sub-directories of 1Mb or more:
doc 1.4Mb
libs 4.5Mb
Flavors: r-oldrel-macos-arm64, r-oldrel-macos-x86_64