CRAN Package Check Results for Package mixSSG

Last updated on 2025-11-24 02:50:08 CET.

Flavor Version Tinstall Tcheck Ttotal Status Flags
r-devel-linux-x86_64-debian-clang 2.1.1 3.89 28.23 32.12 NOTE
r-devel-linux-x86_64-debian-gcc 2.1.1 2.37 22.06 24.43 NOTE
r-devel-linux-x86_64-fedora-clang 2.1.1 47.99 OK
r-devel-linux-x86_64-fedora-gcc 2.1.1 45.73 OK
r-devel-windows-x86_64 2.1.1 6.00 44.00 50.00 OK
r-patched-linux-x86_64 2.1.1 3.80 27.04 30.84 OK
r-release-linux-x86_64 2.1.1 3.36 27.35 30.71 OK
r-release-macos-arm64 2.1.1 OK
r-release-macos-x86_64 2.1.1 3.00 30.00 33.00 OK
r-release-windows-x86_64 2.1.1 4.00 61.00 65.00 OK
r-oldrel-macos-arm64 2.1.1 OK
r-oldrel-macos-x86_64 2.1.1 3.00 22.00 25.00 OK
r-oldrel-windows-x86_64 2.1.1 4.00 50.00 54.00 OK

Check Details

Version: 2.1.1
Check: CRAN incoming feasibility
Result: NOTE Maintainer: ‘Mahdi Teimouri <teimouri@aut.ac.ir>’ The Description field contains <arXiv:2205.14067> and estimating parameters of the symmetric stable Please refer to arXiv e-prints via their arXiv DOI <doi:10.48550/arXiv.YYMM.NNNNN>. Flavors: r-devel-linux-x86_64-debian-clang, r-devel-linux-x86_64-debian-gcc