Last updated on 2025-10-21 01:48:38 CEST.
Flavor | Version | Tinstall | Tcheck | Ttotal | Status | Flags |
---|---|---|---|---|---|---|
r-devel-linux-x86_64-debian-clang | 0.3.15 | 468.69 | 196.14 | 664.83 | OK | |
r-devel-linux-x86_64-debian-gcc | 0.3.15 | 420.46 | 172.67 | 593.13 | NOTE | |
r-devel-linux-x86_64-fedora-clang | 0.3.15 | 1119.65 | OK | |||
r-devel-linux-x86_64-fedora-gcc | 0.3.15 | 1401.75 | OK | |||
r-devel-windows-x86_64 | 0.3.15 | 506.00 | 301.00 | 807.00 | OK | |
r-patched-linux-x86_64 | 0.3.15 | 553.08 | 229.12 | 782.20 | OK | |
r-release-linux-x86_64 | 0.3.15 | 560.43 | 230.77 | 791.20 | OK | |
r-release-macos-arm64 | 0.3.15 | 261.00 | OK | |||
r-release-macos-x86_64 | 0.3.15 | 426.00 | OK | |||
r-release-windows-x86_64 | 0.3.15 | 492.00 | 311.00 | 803.00 | OK | |
r-oldrel-macos-arm64 | 0.3.15 | 283.00 | NOTE | |||
r-oldrel-macos-x86_64 | 0.3.15 | 402.00 | NOTE | |||
r-oldrel-windows-x86_64 | 0.3.15 | 583.00 | 331.00 | 914.00 | NOTE |
Version: 0.3.15
Check: HTML version of manual
Result: NOTE
Found the following HTML validation problems:
h_drop_levels.html:58:1 (h_drop_levels.Rd:16): Warning: missing </ul> before </div>
h_extra_levels.html:46:1 (h_extra_levels.Rd:10): Warning: missing </ul> before </div>
h_first_contain_categorical.html:54:1 (h_first_contain_categorical.Rd:14): Warning: missing </ul> before </div>
h_get_index.html:50:1 (h_get_index.Rd:12): Warning: missing </ul> before </div>
h_get_prediction_variance.html:54:1 (h_get_prediction_variance.Rd:14): Warning: missing </ul> before </div>
h_get_sim_per_subj.html:54:1 (h_get_sim_per_subj.Rd:14): Warning: missing </ul> before </div>
h_obtain_lvls.html:58:1 (h_obtain_lvls.Rd:16): Warning: missing </ul> before </div>
h_print_aic_list.html:50:1 (h_print_aic_list.Rd:12): Warning: missing </ul> before </div>
h_print_call.html:58:1 (h_print_call.Rd:16): Warning: missing </ul> before </div>
h_print_cov.html:54:1 (h_print_cov.Rd:14): Warning: missing </ul> before </div>
Flavor: r-devel-linux-x86_64-debian-gcc
Version: 0.3.15
Check: installed package size
Result: NOTE
installed size is 121.2Mb
sub-directories of 1Mb or more:
libs 119.4Mb
Flavors: r-oldrel-macos-arm64, r-oldrel-macos-x86_64, r-oldrel-windows-x86_64