CRAN Package Check Results for Package modMax

Last updated on 2025-11-19 01:48:54 CET.

Flavor Version Tinstall Tcheck Ttotal Status Flags
r-devel-linux-x86_64-debian-clang 1.1 5.86 56.05 61.91 NOTE
r-devel-linux-x86_64-debian-gcc 1.1 4.94 39.86 44.80 NOTE
r-devel-linux-x86_64-fedora-clang 1.1 14.00 82.00 96.00 OK
r-devel-linux-x86_64-fedora-gcc 1.1 15.00 74.29 89.29 OK
r-devel-windows-x86_64 1.1 8.00 70.00 78.00 OK
r-patched-linux-x86_64 1.1 6.90 53.54 60.44 OK
r-release-linux-x86_64 1.1 5.33 52.78 58.11 OK
r-release-macos-arm64 1.1 4.00 35.00 39.00 OK
r-release-macos-x86_64 1.1 6.00 50.00 56.00 OK
r-release-windows-x86_64 1.1 8.00 68.00 76.00 OK
r-oldrel-macos-arm64 1.1 3.00 28.00 31.00 OK
r-oldrel-macos-x86_64 1.1 4.00 37.00 41.00 OK
r-oldrel-windows-x86_64 1.1 10.00 86.00 96.00 OK

Check Details

Version: 1.1
Check: CRAN incoming feasibility
Result: NOTE Maintainer: ‘Maria Schelling <schelling.rmaintainer@vodafone.de>’ No Authors@R field in DESCRIPTION. Please add one, modifying Authors@R: c(person(given = "Maria", family = "Schelling", role = c("aut", "cre"), email = "schelling.rmaintainer@vodafone.de"), person(given = "Cang", family = "Hui", role = "aut")) as necessary. Flavors: r-devel-linux-x86_64-debian-clang, r-devel-linux-x86_64-debian-gcc