Last updated on 2025-10-26 01:49:54 CEST.
| Flavor | Version | Tinstall | Tcheck | Ttotal | Status | Flags |
|---|---|---|---|---|---|---|
| r-devel-linux-x86_64-debian-clang | 2.4.0 | 6.10 | 51.71 | 57.81 | NOTE | |
| r-devel-linux-x86_64-debian-gcc | 2.4.0 | 3.76 | 37.45 | 41.21 | NOTE | |
| r-devel-linux-x86_64-fedora-clang | 2.4.0 | 12.00 | 73.30 | 85.30 | NOTE | |
| r-devel-linux-x86_64-fedora-gcc | 2.4.0 | 12.00 | 67.46 | 79.46 | NOTE | |
| r-devel-windows-x86_64 | 2.4.0 | 7.00 | 63.00 | 70.00 | NOTE | |
| r-patched-linux-x86_64 | 2.4.0 | 6.37 | 47.80 | 54.17 | NOTE | |
| r-release-linux-x86_64 | 2.4.0 | 5.00 | 47.18 | 52.18 | NOTE | |
| r-release-macos-arm64 | 2.4.0 | 3.00 | 24.00 | 27.00 | NOTE | |
| r-release-macos-x86_64 | 2.4.0 | 6.00 | 56.00 | 62.00 | NOTE | |
| r-release-windows-x86_64 | 2.4.0 | 7.00 | 65.00 | 72.00 | NOTE | |
| r-oldrel-macos-arm64 | 2.4.0 | 2.00 | 21.00 | 23.00 | NOTE | |
| r-oldrel-macos-x86_64 | 2.4.0 | 4.00 | 44.00 | 48.00 | NOTE | |
| r-oldrel-windows-x86_64 | 2.4.0 | 9.00 | 80.00 | 89.00 | NOTE |
Version: 2.4.0
Check: Rd files
Result: NOTE
checkRd: (-1) lientz.Rd:45: Lost braces in \itemize; \value handles \item{}{} directly
checkRd: (-1) lientz.Rd:46: Lost braces in \itemize; \value handles \item{}{} directly
checkRd: (-1) lientz.Rd:47: Lost braces in \itemize; \value handles \item{}{} directly
checkRd: (-1) modeest-package.Rd:150: Escaped LaTeX specials: \&
checkRd: (-1) vieu.Rd:56: Escaped LaTeX specials: \&
Flavors: r-devel-linux-x86_64-debian-clang, r-devel-linux-x86_64-debian-gcc, r-devel-linux-x86_64-fedora-clang, r-devel-linux-x86_64-fedora-gcc, r-devel-windows-x86_64, r-patched-linux-x86_64, r-release-linux-x86_64, r-release-macos-arm64, r-release-macos-x86_64, r-release-windows-x86_64, r-oldrel-macos-arm64, r-oldrel-macos-x86_64, r-oldrel-windows-x86_64
Version: 2.4.0
Check: LazyData
Result: NOTE
'LazyData' is specified without a 'data' directory
Flavors: r-oldrel-macos-arm64, r-oldrel-macos-x86_64, r-oldrel-windows-x86_64