Last updated on 2025-11-19 01:48:54 CET.
| Flavor | Version | Tinstall | Tcheck | Ttotal | Status | Flags |
|---|---|---|---|---|---|---|
| r-devel-linux-x86_64-debian-clang | 1.2.1 | 5.48 | 90.02 | 95.50 | NOTE | |
| r-devel-linux-x86_64-debian-gcc | 1.2.1 | 3.93 | 63.19 | 67.12 | NOTE | |
| r-devel-linux-x86_64-fedora-clang | 1.2.1 | 12.00 | 131.05 | 143.05 | NOTE | |
| r-devel-linux-x86_64-fedora-gcc | 1.2.1 | 12.00 | 138.43 | 150.43 | NOTE | |
| r-devel-windows-x86_64 | 1.2.1 | 9.00 | 99.00 | 108.00 | NOTE | |
| r-patched-linux-x86_64 | 1.2.1 | 6.32 | 82.18 | 88.50 | NOTE | |
| r-release-linux-x86_64 | 1.2.1 | 5.94 | 82.27 | 88.21 | NOTE | |
| r-release-macos-arm64 | 1.2.1 | 2.00 | 44.00 | 46.00 | NOTE | |
| r-release-macos-x86_64 | 1.2.1 | 4.00 | 91.00 | 95.00 | NOTE | |
| r-release-windows-x86_64 | 1.2.1 | 9.00 | 91.00 | 100.00 | NOTE | |
| r-oldrel-macos-arm64 | 1.2.1 | 3.00 | 53.00 | 56.00 | NOTE | |
| r-oldrel-macos-x86_64 | 1.2.1 | 7.00 | 93.00 | 100.00 | NOTE | |
| r-oldrel-windows-x86_64 | 1.2.1 | 11.00 | 126.00 | 137.00 | NOTE |
Version: 1.2.1
Check: Rd files
Result: NOTE
checkRd: (-1) circ_dist.Rd:21: Lost braces; missing escapes or markup?
21 | The distance between two observations {i} and {j} of a circular variable {q}
| ^
checkRd: (-1) circ_dist.Rd:21: Lost braces; missing escapes or markup?
21 | The distance between two observations {i} and {j} of a circular variable {q}
| ^
checkRd: (-1) circ_dist.Rd:21: Lost braces; missing escapes or markup?
21 | The distance between two observations {i} and {j} of a circular variable {q}
| ^
Flavors: r-devel-linux-x86_64-debian-clang, r-devel-linux-x86_64-debian-gcc, r-devel-linux-x86_64-fedora-clang, r-devel-linux-x86_64-fedora-gcc, r-devel-windows-x86_64, r-patched-linux-x86_64, r-release-linux-x86_64, r-release-macos-arm64, r-release-macos-x86_64, r-release-windows-x86_64, r-oldrel-macos-arm64, r-oldrel-macos-x86_64, r-oldrel-windows-x86_64