CRAN Package Check Results for Package mpathsenser

Last updated on 2025-10-22 01:51:31 CEST.

Flavor Version Tinstall Tcheck Ttotal Status Flags
r-devel-linux-x86_64-debian-clang 1.2.3 8.75 287.02 295.77 NOTE
r-devel-linux-x86_64-debian-gcc 1.2.3 5.69 174.72 180.41 NOTE
r-devel-linux-x86_64-fedora-clang 1.2.3 152.00 368.12 520.12 NOTE
r-devel-linux-x86_64-fedora-gcc 1.2.3 18.00 433.62 451.62 NOTE
r-devel-windows-x86_64 1.2.3 11.00 255.00 266.00 NOTE
r-patched-linux-x86_64 1.2.3 7.55 268.78 276.33 NOTE
r-release-linux-x86_64 1.2.3 7.85 269.09 276.94 NOTE
r-release-macos-arm64 1.2.3 4.00 92.00 96.00 NOTE
r-release-macos-x86_64 1.2.3 8.00 200.00 208.00 NOTE
r-release-windows-x86_64 1.2.3 11.00 256.00 267.00 NOTE
r-oldrel-macos-arm64 1.2.3 4.00 107.00 111.00 OK
r-oldrel-macos-x86_64 1.2.3 6.00 166.00 172.00 OK
r-oldrel-windows-x86_64 1.2.3 13.00 378.00 391.00 OK

Check Details

Version: 1.2.3
Check: DESCRIPTION meta-information
Result: NOTE Missing dependency on R >= 4.1.0 because package code uses the pipe |> or function shorthand \(...) syntax added in R 4.1.0. File(s) using such syntax: ‘alias_column_names.R’ ‘bin_data.Rd’ ‘coverage.R’ ‘database.R’ ‘decrypt_gps.Rd’ ‘import.R’ ‘import_functions.R’ ‘linking.R’ ‘location_functions.R’ ‘sensor_functions.R’ Flavors: r-devel-linux-x86_64-debian-clang, r-devel-linux-x86_64-debian-gcc, r-devel-linux-x86_64-fedora-clang, r-devel-linux-x86_64-fedora-gcc, r-devel-windows-x86_64, r-patched-linux-x86_64, r-release-linux-x86_64, r-release-macos-arm64, r-release-windows-x86_64

Version: 1.2.3
Check: DESCRIPTION meta-information
Result: NOTE Missing dependency on R >= 4.1.0 because package code uses the pipe |> or function shorthand \(...) syntax added in R 4.1.0. File(s) using such syntax: ‘alias_column_names.R’ ‘coverage.R’ ‘database.R’ ‘import.R’ ‘import_functions.R’ ‘linking.R’ ‘location_functions.R’ ‘sensor_functions.R’ Flavor: r-release-macos-x86_64