CRAN Package Check Results for Package mudfold

Last updated on 2025-10-22 01:51:31 CEST.

Flavor Version Tinstall Tcheck Ttotal Status Flags
r-devel-linux-x86_64-debian-clang 1.1.21 17.48 121.25 138.73 NOTE
r-devel-linux-x86_64-debian-gcc 1.1.21 10.81 84.17 94.98 NOTE
r-devel-linux-x86_64-fedora-clang 1.1.21 55.00 169.91 224.91 NOTE
r-devel-linux-x86_64-fedora-gcc 1.1.21 38.00 162.95 200.95 NOTE
r-devel-windows-x86_64 1.1.21 18.00 118.00 136.00 NOTE
r-patched-linux-x86_64 1.1.21 16.36 114.62 130.98 NOTE
r-release-linux-x86_64 1.1.21 16.44 113.96 130.40 NOTE
r-release-macos-arm64 1.1.21 6.00 39.00 45.00 NOTE
r-release-macos-x86_64 1.1.21 18.00 89.00 107.00 NOTE
r-release-windows-x86_64 1.1.21 19.00 117.00 136.00 NOTE
r-oldrel-macos-arm64 1.1.21 7.00 44.00 51.00 NOTE
r-oldrel-macos-x86_64 1.1.21 10.00 62.00 72.00 NOTE
r-oldrel-windows-x86_64 1.1.21 23.00 154.00 177.00 NOTE

Check Details

Version: 1.1.21
Check: Rd files
Result: NOTE checkRd: (-1) coef.mdf.Rd:17: Lost braces; missing escapes or markup? 17 | \item{type}{: Argument that controls the type of parameters to be returned. If \code{type="persons"} (default), a vector with the person parameters is returned. When \code{type="items"} then a vector with the item ranks obtained by the MUDFOLD item selection algorithm is returned. If {type="all"} then a list with both person and item coefficients is returned to the user. | ^ Flavors: r-devel-linux-x86_64-debian-clang, r-devel-linux-x86_64-debian-gcc, r-devel-linux-x86_64-fedora-clang, r-devel-linux-x86_64-fedora-gcc, r-devel-windows-x86_64, r-patched-linux-x86_64, r-release-linux-x86_64, r-release-macos-arm64, r-release-macos-x86_64, r-release-windows-x86_64, r-oldrel-macos-arm64, r-oldrel-macos-x86_64, r-oldrel-windows-x86_64