Last updated on 2025-10-22 01:51:32 CEST.
Flavor | Version | Tinstall | Tcheck | Ttotal | Status | Flags |
---|---|---|---|---|---|---|
r-devel-linux-x86_64-debian-clang | 0.9.2 | 8.72 | 97.65 | 106.37 | NOTE | |
r-devel-linux-x86_64-debian-gcc | 0.9.2 | 6.60 | 69.02 | 75.62 | NOTE | |
r-devel-linux-x86_64-fedora-clang | 0.9.2 | 19.00 | 149.58 | 168.58 | OK | |
r-devel-linux-x86_64-fedora-gcc | 0.9.2 | 18.00 | 139.14 | 157.14 | OK | |
r-devel-windows-x86_64 | 0.9.2 | 9.00 | 104.00 | 113.00 | OK | |
r-patched-linux-x86_64 | 0.9.2 | 8.67 | 92.90 | 101.57 | OK | |
r-release-linux-x86_64 | 0.9.2 | 8.02 | 92.88 | 100.90 | OK | |
r-release-macos-arm64 | 0.9.2 | 4.00 | 37.00 | 41.00 | OK | |
r-release-macos-x86_64 | 0.9.2 | 8.00 | 82.00 | 90.00 | OK | |
r-release-windows-x86_64 | 0.9.2 | 9.00 | 103.00 | 112.00 | OK | |
r-oldrel-macos-arm64 | 0.9.2 | 4.00 | 46.00 | 50.00 | OK | |
r-oldrel-macos-x86_64 | 0.9.2 | 8.00 | 82.00 | 90.00 | OK | |
r-oldrel-windows-x86_64 | 0.9.2 | 12.00 | 131.00 | 143.00 | OK |
Version: 0.9.2
Check: HTML version of manual
Result: NOTE
Found the following HTML validation problems:
afe.html:54:1 (afe.Rd:14): Warning: missing </ul> before </div>
as.coefficients_textmodel.html:48:1 (as.coefficients_textmodel.Rd:11): Warning: missing </ul> before </div>
as.statistics_textmodel.html:46:1 (as.statistics_textmodel.Rd:10): Warning: missing </ul> before </div>
as.summary.textmodel.html:46:1 (as.summary.textmodel.Rd:10): Warning: missing </ul> before </div>
coef.textmodel_newsmap.html:63:1 (coef.textmodel_newsmap.Rd:20): Warning: missing </ul> before </div>
predict.textmodel_newsmap.html:92:1 (predict.textmodel_newsmap.Rd:39): Warning: missing </ul> before </div>
print.coefficients_textmodel.html:58:1 (print.coefficients_textmodel.Rd:16): Warning: missing </ul> before </div>
print.statistics_textmodel.html:56:1 (print.statistics_textmodel.Rd:15): Warning: missing </ul> before </div>
print.summary.textmodel.html:56:1 (print.summary.textmodel.Rd:15): Warning: missing </ul> before </div>
summary.textmodel_newsmap_accuracy.html:53:1 (summary.textmodel_newsmap_accuracy.Rd:12): Warning: missing </ul> before </div>
Flavors: r-devel-linux-x86_64-debian-clang, r-devel-linux-x86_64-debian-gcc