Last updated on 2025-11-16 01:49:23 CET.
| Flavor | Version | Tinstall | Tcheck | Ttotal | Status | Flags |
|---|---|---|---|---|---|---|
| r-devel-linux-x86_64-debian-clang | 0.1.3 | 4.16 | 36.74 | 40.90 | OK | |
| r-devel-linux-x86_64-debian-gcc | 0.1.3 | 3.87 | 29.23 | 33.10 | NOTE | |
| r-devel-linux-x86_64-fedora-clang | 0.1.3 | 60.78 | OK | |||
| r-devel-linux-x86_64-fedora-gcc | 0.1.3 | 10.00 | 63.35 | 73.35 | OK | |
| r-devel-windows-x86_64 | 0.1.3 | 16.00 | 76.00 | 92.00 | OK | |
| r-patched-linux-x86_64 | 0.1.3 | 4.80 | 35.66 | 40.46 | OK | |
| r-release-linux-x86_64 | 0.1.3 | 4.49 | 35.54 | 40.03 | OK | |
| r-release-macos-arm64 | 0.1.3 | 3.00 | 33.00 | 36.00 | OK | |
| r-release-macos-x86_64 | 0.1.3 | 5.00 | 83.00 | 88.00 | OK | |
| r-release-windows-x86_64 | 0.1.3 | 10.00 | 77.00 | 87.00 | OK | |
| r-oldrel-macos-arm64 | 0.1.3 | 3.00 | 26.00 | 29.00 | OK | |
| r-oldrel-macos-x86_64 | 0.1.3 | 6.00 | 73.00 | 79.00 | OK | |
| r-oldrel-windows-x86_64 | 0.1.3 | 10.00 | 80.00 | 90.00 | OK |
Version: 0.1.3
Check: CRAN incoming feasibility
Result: NOTE
Maintainer: ‘Yves Deville <deville.yves@alpestat.com>’
The BugReports field in DESCRIPTION has
https://github.com/yvesdeville/nieve/issues/
which should likely be
https://github.com/yvesdeville/nieve/issues/issues
instead.
Flavor: r-devel-linux-x86_64-debian-gcc