Last updated on 2025-10-23 02:50:02 CEST.
Flavor | Version | Tinstall | Tcheck | Ttotal | Status | Flags |
---|---|---|---|---|---|---|
r-devel-linux-x86_64-debian-clang | 1.4 | 9.30 | 81.16 | 90.46 | NOTE | |
r-devel-linux-x86_64-debian-gcc | 1.4 | 7.24 | 60.11 | 67.35 | NOTE | |
r-devel-linux-x86_64-fedora-clang | 1.4 | 24.00 | 117.99 | 141.99 | OK | |
r-devel-linux-x86_64-fedora-gcc | 1.4 | 22.00 | 116.80 | 138.80 | OK | |
r-devel-windows-x86_64 | 1.4 | 11.00 | 89.00 | 100.00 | OK | |
r-patched-linux-x86_64 | 1.4 | 9.89 | 78.47 | 88.36 | OK | |
r-release-linux-x86_64 | 1.4 | 8.30 | 79.80 | 88.10 | OK | |
r-release-macos-arm64 | 1.4 | 5.00 | 40.00 | 45.00 | OK | |
r-release-macos-x86_64 | 1.4 | 9.00 | 74.00 | 83.00 | OK | |
r-release-windows-x86_64 | 1.4 | 11.00 | 87.00 | 98.00 | OK | |
r-oldrel-macos-arm64 | 1.4 | 4.00 | 33.00 | 37.00 | OK | |
r-oldrel-macos-x86_64 | 1.4 | 7.00 | 52.00 | 59.00 | OK | |
r-oldrel-windows-x86_64 | 1.4 | 13.00 | 111.00 | 124.00 | OK |
Version: 1.4
Check: CRAN incoming feasibility
Result: NOTE
Maintainer: ‘Tianwei Yu<yutianwei@cuhk.edu.cn>’
No Authors@R field in DESCRIPTION.
Please add one, modifying
Authors@R: c(person(given = "Tianwei",
family = "Yu",
role = c("aut", "cre"),
email = "yutianwei@cuhk.edu.cn"),
person(given = "Haodong",
family = "Liu",
role = "aut"))
as necessary.
Flavors: r-devel-linux-x86_64-debian-clang, r-devel-linux-x86_64-debian-gcc