Last updated on 2025-10-22 01:51:32 CEST.
Flavor | Version | Tinstall | Tcheck | Ttotal | Status | Flags |
---|---|---|---|---|---|---|
r-devel-linux-x86_64-debian-clang | 0.3 | 60.87 | 356.53 | 417.40 | NOTE | |
r-devel-linux-x86_64-debian-gcc | 0.3 | 35.62 | 229.18 | 264.80 | NOTE | |
r-devel-linux-x86_64-fedora-clang | 0.3 | 140.00 | 515.26 | 655.26 | OK | |
r-devel-linux-x86_64-fedora-gcc | 0.3 | 118.00 | 525.21 | 643.21 | OK | |
r-devel-windows-x86_64 | 0.3 | 55.00 | 287.00 | 342.00 | OK | |
r-patched-linux-x86_64 | 0.3 | 57.75 | 333.76 | 391.51 | OK | |
r-release-linux-x86_64 | 0.3 | 47.54 | 330.99 | 378.53 | OK | |
r-release-macos-arm64 | 0.3 | 22.00 | 117.00 | 139.00 | OK | |
r-release-macos-x86_64 | 0.3 | 70.00 | 272.00 | 342.00 | OK | |
r-release-windows-x86_64 | 0.3 | 58.00 | 292.00 | 350.00 | OK | |
r-oldrel-macos-arm64 | 0.3 | 25.00 | 121.00 | 146.00 | NOTE | |
r-oldrel-macos-x86_64 | 0.3 | 41.00 | 211.00 | 252.00 | NOTE | |
r-oldrel-windows-x86_64 | 0.3 | 82.00 | 373.00 | 455.00 | NOTE |
Version: 0.3
Check: CRAN incoming feasibility
Result: NOTE
Maintainer: ‘Jin Liu <Veronica.Liu0206@gmail.com>’
The Description field contains
<arXiv:2302.03237v2>.
Please refer to arXiv e-prints via their arXiv DOI <doi:10.48550/arXiv.YYMM.NNNNN>.
Flavors: r-devel-linux-x86_64-debian-clang, r-devel-linux-x86_64-debian-gcc
Version: 0.3
Check: HTML version of manual
Result: NOTE
Found the following HTML validation problems:
ModelSummary-myMxOutput-method.html:47:1 (ModelSummary-myMxOutput-method.Rd:10): Warning: missing </ul> before </div>
ModelSummary.html:46:1 (ModelSummary.Rd:10): Warning: missing </ul> before </div>
printTable-FSOutput-method.html:47:1 (printTable-FSOutput-method.Rd:10): Warning: missing </ul> before </div>
printTable-KappaOutput-method.html:47:1 (printTable-KappaOutput-method.Rd:10): Warning: missing </ul> before </div>
printTable-StatsOutput-method.html:47:1 (printTable-StatsOutput-method.Rd:10): Warning: missing </ul> before </div>
printTable-myMxOutput-method.html:47:1 (printTable-myMxOutput-method.Rd:10): Warning: missing </ul> before </div>
printTable-postOutput-method.html:47:1 (printTable-postOutput-method.Rd:10): Warning: missing </ul> before </div>
printTable.html:46:1 (printTable.Rd:10): Warning: missing </ul> before </div>
show-figOutput-method.html:47:1 (show-figOutput-method.Rd:10): Warning: missing </ul> before </div>
Flavors: r-devel-linux-x86_64-debian-clang, r-devel-linux-x86_64-debian-gcc
Version: 0.3
Check: installed package size
Result: NOTE
installed size is 6.2Mb
sub-directories of 1Mb or more:
doc 1.2Mb
extdata 3.7Mb
Flavors: r-oldrel-macos-arm64, r-oldrel-macos-x86_64, r-oldrel-windows-x86_64