CRAN Package Check Results for Package nomnoml

Last updated on 2025-10-23 02:50:02 CEST.

Flavor Version Tinstall Tcheck Ttotal Status Flags
r-devel-linux-x86_64-debian-clang 0.3.0 2.89 30.45 33.34 NOTE
r-devel-linux-x86_64-debian-gcc 0.3.0 1.95 25.19 27.14 OK
r-devel-linux-x86_64-fedora-clang 0.3.0 18.00 31.66 49.66 OK
r-devel-linux-x86_64-fedora-gcc 0.3.0 45.70 OK
r-devel-windows-x86_64 0.3.0 6.00 54.00 60.00 OK
r-patched-linux-x86_64 0.3.0 2.60 27.86 30.46 OK
r-release-linux-x86_64 0.3.0 2.68 27.64 30.32 OK
r-release-macos-arm64 0.3.0 1.00 23.00 24.00 OK
r-release-macos-x86_64 0.3.0 2.00 32.00 34.00 OK
r-release-windows-x86_64 0.3.0 6.00 50.00 56.00 OK
r-oldrel-macos-arm64 0.3.0 1.00 17.00 18.00 OK
r-oldrel-macos-x86_64 0.3.0 2.00 26.00 28.00 OK
r-oldrel-windows-x86_64 0.3.0 6.00 57.00 63.00 OK

Check Details

Version: 0.3.0
Check: HTML version of manual
Result: NOTE Found the following HTML validation problems: nomnoml_syntax.html:249:1 (nomnoml_syntax.Rd:219): Warning: missing </ul> before </div> Flavor: r-devel-linux-x86_64-debian-clang