Last updated on 2025-10-22 01:51:32 CEST.
Flavor | Version | Tinstall | Tcheck | Ttotal | Status | Flags |
---|---|---|---|---|---|---|
r-devel-linux-x86_64-debian-clang | 0.60-18 | 52.89 | 386.59 | 439.48 | NOTE | |
r-devel-linux-x86_64-debian-gcc | 0.60-18 | 38.93 | 259.72 | 298.65 | NOTE | |
r-devel-linux-x86_64-fedora-clang | 0.60-18 | 103.00 | 584.17 | 687.17 | OK | |
r-devel-linux-x86_64-fedora-gcc | 0.60-18 | 121.00 | 575.52 | 696.52 | OK | |
r-devel-windows-x86_64 | 0.60-18 | 62.00 | 152.00 | 214.00 | OK | --no-examples --no-tests --no-vignettes |
r-patched-linux-x86_64 | 0.60-18 | 60.39 | 373.52 | 433.91 | NOTE | |
r-release-linux-x86_64 | 0.60-18 | 58.34 | 375.81 | 434.15 | NOTE | |
r-release-macos-arm64 | 0.60-18 | 30.00 | 239.00 | 269.00 | OK | |
r-release-macos-x86_64 | 0.60-18 | 40.00 | 459.00 | 499.00 | OK | |
r-release-windows-x86_64 | 0.60-18 | 64.00 | 163.00 | 227.00 | OK | --no-examples --no-tests --no-vignettes |
r-oldrel-macos-arm64 | 0.60-18 | 17.00 | 163.00 | 180.00 | OK | |
r-oldrel-macos-x86_64 | 0.60-18 | 35.00 | 367.00 | 402.00 | OK | |
r-oldrel-windows-x86_64 | 0.60-18 | 83.00 | 140.00 | 223.00 | OK | --no-examples --no-tests --no-vignettes |
Version: 0.60-18
Check: for unstated dependencies in ‘demo’
Result: NOTE
'::' or ':::' import not declared from: ‘crs’
'library' or 'require' call not declared from: ‘crs’
Flavors: r-devel-linux-x86_64-debian-clang, r-devel-linux-x86_64-debian-gcc, r-patched-linux-x86_64, r-release-linux-x86_64