Last updated on 2025-11-25 02:50:33 CET.
| Flavor | Version | Tinstall | Tcheck | Ttotal | Status | Flags |
|---|---|---|---|---|---|---|
| r-devel-linux-x86_64-debian-clang | 0.60-18 | 48.79 | 391.09 | 439.88 | NOTE | |
| r-devel-linux-x86_64-debian-gcc | 0.60-18 | 40.05 | 263.44 | 303.49 | NOTE | |
| r-devel-linux-x86_64-fedora-clang | 0.60-18 | 248.00 | 500.10 | 748.10 | OK | |
| r-devel-linux-x86_64-fedora-gcc | 0.60-18 | 145.00 | 569.91 | 714.91 | OK | |
| r-devel-windows-x86_64 | 0.60-18 | 76.00 | 159.00 | 235.00 | OK | --no-examples --no-tests --no-vignettes |
| r-patched-linux-x86_64 | 0.60-18 | 63.94 | 377.96 | 441.90 | NOTE | |
| r-release-linux-x86_64 | 0.60-18 | 57.83 | 376.47 | 434.30 | NOTE | |
| r-release-macos-arm64 | 0.60-18 | OK | ||||
| r-release-macos-x86_64 | 0.60-18 | 40.00 | 459.00 | 499.00 | OK | |
| r-release-windows-x86_64 | 0.60-18 | 66.00 | 153.00 | 219.00 | OK | --no-examples --no-tests --no-vignettes |
| r-oldrel-macos-arm64 | 0.60-18 | OK | ||||
| r-oldrel-macos-x86_64 | 0.60-18 | 35.00 | 367.00 | 402.00 | OK | |
| r-oldrel-windows-x86_64 | 0.60-18 | 81.00 | 140.00 | 221.00 | OK | --no-examples --no-tests --no-vignettes |
Version: 0.60-18
Check: for unstated dependencies in ‘demo’
Result: NOTE
'::' or ':::' import not declared from: ‘crs’
'library' or 'require' call not declared from: ‘crs’
Flavors: r-devel-linux-x86_64-debian-clang, r-devel-linux-x86_64-debian-gcc, r-patched-linux-x86_64, r-release-linux-x86_64