Last updated on 2025-11-20 03:50:17 CET.
| Flavor | Version | Tinstall | Tcheck | Ttotal | Status | Flags |
|---|---|---|---|---|---|---|
| r-devel-linux-x86_64-debian-clang | 1.21 | 16.30 | 73.89 | 90.19 | NOTE | |
| r-devel-linux-x86_64-debian-gcc | 1.21 | 12.13 | 57.83 | 69.96 | NOTE | |
| r-devel-linux-x86_64-fedora-clang | 1.21 | 47.00 | 99.48 | 146.48 | OK | |
| r-devel-linux-x86_64-fedora-gcc | 1.21 | 38.00 | 106.50 | 144.50 | OK | |
| r-devel-windows-x86_64 | 1.21 | 28.00 | 95.00 | 123.00 | NOTE | |
| r-patched-linux-x86_64 | 1.21 | 17.15 | 72.21 | 89.36 | NOTE | |
| r-release-linux-x86_64 | 1.21 | 16.89 | 70.80 | 87.69 | NOTE | |
| r-release-macos-arm64 | 1.21 | OK | ||||
| r-release-macos-x86_64 | 1.21 | 13.00 | 77.00 | 90.00 | OK | |
| r-release-windows-x86_64 | 1.21 | 22.00 | 93.00 | 115.00 | NOTE | |
| r-oldrel-macos-arm64 | 1.21 | OK | ||||
| r-oldrel-macos-x86_64 | 1.21 | 15.00 | 57.00 | 72.00 | OK | |
| r-oldrel-windows-x86_64 | 1.21 | 27.00 | 123.00 | 150.00 | OK |
Version: 1.21
Check: CRAN incoming feasibility
Result: NOTE
Maintainer: ‘Keven Bluteau <keven.bluteau@usherbrooke.ca>’
Package CITATION file contains call(s) to old-style personList() or
as.personList(). Please use c() on person objects instead.
Package CITATION file contains call(s) to old-style citEntry(). Please
use bibentry() instead.
Flavors: r-devel-linux-x86_64-debian-clang, r-devel-linux-x86_64-debian-gcc
Version: 1.21
Check: Rd cross-references
Result: NOTE
Found the following Rd file(s) with Rd \link{} targets missing package
anchors:
nse.andrews.Rd: sandwich
nse.boot.Rd: np
nse.geyer.Rd: mcmc, mcmcse
nse.hiruk.Rd: sandwich
nse.nw.Rd: sandwich
Please provide package anchors for all Rd \link{} targets not in the
package itself and the base packages.
Flavors: r-devel-linux-x86_64-debian-clang, r-devel-linux-x86_64-debian-gcc, r-devel-windows-x86_64, r-patched-linux-x86_64, r-release-linux-x86_64, r-release-windows-x86_64