Last updated on 2025-10-24 01:50:34 CEST.
| Flavor | Version | Tinstall | Tcheck | Ttotal | Status | Flags |
|---|---|---|---|---|---|---|
| r-devel-linux-x86_64-debian-clang | 0.1 | 2.87 | 26.11 | 28.98 | NOTE | |
| r-devel-linux-x86_64-debian-gcc | 0.1 | 2.11 | 20.78 | 22.89 | OK | |
| r-devel-linux-x86_64-fedora-clang | 0.1 | 43.26 | OK | |||
| r-devel-linux-x86_64-fedora-gcc | 0.1 | 41.90 | OK | |||
| r-devel-windows-x86_64 | 0.1 | 5.00 | 47.00 | 52.00 | OK | |
| r-patched-linux-x86_64 | 0.1 | 2.09 | 25.32 | 27.41 | OK | |
| r-release-linux-x86_64 | 0.1 | 2.68 | 25.12 | 27.80 | OK | |
| r-release-macos-arm64 | 0.1 | 2.00 | 17.00 | 19.00 | OK | |
| r-release-macos-x86_64 | 0.1 | 2.00 | 28.00 | 30.00 | OK | |
| r-release-windows-x86_64 | 0.1 | 5.00 | 140.00 | 145.00 | OK | |
| r-oldrel-macos-arm64 | 0.1 | 1.00 | 17.00 | 18.00 | OK | |
| r-oldrel-macos-x86_64 | 0.1 | 2.00 | 23.00 | 25.00 | OK | |
| r-oldrel-windows-x86_64 | 0.1 | 6.00 | 52.00 | 58.00 | OK |
Version: 0.1
Check: HTML version of manual
Result: NOTE
Found the following HTML validation problems:
suppresser.html:46:1 (suppresser.Rd:10): Warning: missing </ul> before </div>
Flavor: r-devel-linux-x86_64-debian-clang