Last updated on 2025-10-21 01:48:40 CEST.
Flavor | Version | Tinstall | Tcheck | Ttotal | Status | Flags |
---|---|---|---|---|---|---|
r-devel-linux-x86_64-debian-clang | 1.15.3 | 4.60 | 196.94 | 201.54 | OK | |
r-devel-linux-x86_64-debian-gcc | 1.15.3 | 2.97 | 151.28 | 154.25 | NOTE | |
r-devel-linux-x86_64-fedora-clang | 1.15.3 | 307.90 | OK | |||
r-devel-linux-x86_64-fedora-gcc | 1.15.3 | 318.78 | OK | |||
r-devel-windows-x86_64 | 1.15.3 | 8.00 | 399.00 | 407.00 | OK | |
r-patched-linux-x86_64 | 1.15.3 | 4.79 | 191.83 | 196.62 | OK | |
r-release-linux-x86_64 | 1.15.3 | 4.47 | 190.82 | 195.29 | OK | |
r-release-macos-arm64 | 1.15.3 | 213.00 | OK | |||
r-release-macos-x86_64 | 1.15.3 | 390.00 | OK | |||
r-release-windows-x86_64 | 1.15.3 | 10.00 | 355.00 | 365.00 | OK | |
r-oldrel-macos-arm64 | 1.15.3 | 193.00 | OK | |||
r-oldrel-macos-x86_64 | 1.15.3 | 343.00 | OK | |||
r-oldrel-windows-x86_64 | 1.15.3 | 10.00 | 403.00 | 413.00 | OK |
Version: 1.15.3
Check: HTML version of manual
Result: NOTE
Found the following HTML validation problems:
as.package.html:55:1 (as.package.Rd:10): Warning: missing </ul> before </div>
update_deps.html:51:1 (update_deps.Rd:10): Warning: missing </ul> before </div>
use_directory.html:57:1 (use_directory.Rd:15): Warning: missing </ul> before </div>
Flavor: r-devel-linux-x86_64-debian-gcc