Last updated on 2025-10-21 01:48:40 CEST.
Flavor | Version | Tinstall | Tcheck | Ttotal | Status | Flags |
---|---|---|---|---|---|---|
r-devel-linux-x86_64-debian-clang | 0.1.4 | 11.23 | 194.51 | 205.74 | OK | |
r-devel-linux-x86_64-debian-gcc | 0.1.4 | 6.70 | 133.35 | 140.05 | NOTE | |
r-devel-linux-x86_64-fedora-clang | 0.1.4 | 340.37 | NOTE | |||
r-devel-linux-x86_64-fedora-gcc | 0.1.4 | 339.05 | NOTE | |||
r-devel-windows-x86_64 | 0.1.4 | 15.00 | 203.00 | 218.00 | OK | |
r-patched-linux-x86_64 | 0.1.4 | 12.68 | 182.76 | 195.44 | OK | |
r-release-linux-x86_64 | 0.1.4 | 10.04 | 185.27 | 195.31 | OK | |
r-release-macos-arm64 | 0.1.4 | 86.00 | OK | |||
r-release-macos-x86_64 | 0.1.4 | 365.00 | OK | |||
r-release-windows-x86_64 | 0.1.4 | 19.00 | 194.00 | 213.00 | OK | |
r-oldrel-macos-arm64 | 0.1.4 | 91.00 | OK | |||
r-oldrel-macos-x86_64 | 0.1.4 | 349.00 | OK | |||
r-oldrel-windows-x86_64 | 0.1.4 | 20.00 | 258.00 | 278.00 | OK |
Version: 0.1.4
Check: HTML version of manual
Result: NOTE
Found the following HTML validation problems:
add_effect_sizes.html:63:1 (add_effect_sizes.Rd:20): Warning: missing </ul> before </div>
apa_factorial_plot_single.html:74:1 (apa_factorial_plot_single.Rd:28): Warning: missing </ul> before </div>
beautify.html:56:1 (beautify.Rd:14): Warning: missing </ul> before </div>
canonize.html:55:1 (canonize.Rd:14): Warning: missing </ul> before </div>
corresponding_author_line.html:46:1 (corresponding_author_line.Rd:10): Warning: missing </ul> before </div>
defaults.html:54:1 (defaults.Rd:14): Warning: missing </ul> before </div>
escape_latex.html:55:1 (escape_latex.Rd:14): Warning: missing </ul> before </div>
fast_aggregate.html:60:1 (fast_aggregate.Rd:17): Warning: missing </ul> before </div>
hd_int.html:50:1 (hd_int.Rd:12): Warning: missing </ul> before </div>
localize.html:48:1 (localize.Rd:10): Warning: missing </ul> before </div>
print_scientific.html:46:1 (print_scientific.Rd:10): Warning: missing </ul> before </div>
sel.html:52:1 (sel.Rd:12): Warning: missing </ul> before </div>
sort_columns.html:47:1 (sort_columns.Rd:10): Warning: missing </ul> before </div>
strip_math_tags.html:50:1 (strip_math_tags.Rd:13): Warning: missing </ul> before </div>
validate.html:99:1 (validate.Rd:42): Warning: missing </ul> before </div>
Flavors: r-devel-linux-x86_64-debian-gcc, r-devel-linux-x86_64-fedora-clang, r-devel-linux-x86_64-fedora-gcc