Last updated on 2025-10-24 01:50:34 CEST.
| Flavor | Version | Tinstall | Tcheck | Ttotal | Status | Flags |
|---|---|---|---|---|---|---|
| r-devel-linux-x86_64-debian-clang | 0.2.0 | 261.05 | 235.14 | 496.19 | OK | |
| r-devel-linux-x86_64-debian-gcc | 0.2.0 | 238.01 | 184.19 | 422.20 | OK | |
| r-devel-linux-x86_64-fedora-clang | 0.2.0 | 524.00 | 238.84 | 762.84 | OK | |
| r-devel-linux-x86_64-fedora-gcc | 0.2.0 | 720.00 | 207.94 | 927.94 | OK | |
| r-devel-windows-x86_64 | 0.2.0 | 293.00 | 279.00 | 572.00 | OK | |
| r-patched-linux-x86_64 | 0.2.0 | 305.11 | 251.45 | 556.56 | OK | |
| r-release-linux-x86_64 | 0.2.0 | 306.85 | 249.96 | 556.81 | OK | |
| r-release-macos-arm64 | 0.2.0 | 118.00 | 78.00 | 196.00 | OK | |
| r-release-macos-x86_64 | 0.2.0 | 157.00 | 175.00 | 332.00 | OK | |
| r-release-windows-x86_64 | 0.2.0 | 297.00 | 273.00 | 570.00 | OK | |
| r-oldrel-macos-arm64 | 0.2.0 | 110.00 | 84.00 | 194.00 | NOTE | |
| r-oldrel-macos-x86_64 | 0.2.0 | 157.00 | 178.00 | 335.00 | NOTE | |
| r-oldrel-windows-x86_64 | 0.2.0 | 331.00 | 365.00 | 696.00 | OK |
Version: 0.2.0
Check: installed package size
Result: NOTE
installed size is 84.2Mb
sub-directories of 1Mb or more:
libs 83.7Mb
Flavors: r-oldrel-macos-arm64, r-oldrel-macos-x86_64
Version: 0.2.0
Check: for GNU extensions in Makefiles
Result: NOTE
GNU make is a SystemRequirements.
Flavors: r-oldrel-macos-arm64, r-oldrel-macos-x86_64