CRAN Package Check Results for Package particles

Last updated on 2025-10-23 02:50:03 CEST.

Flavor Version Tinstall Tcheck Ttotal Status Flags
r-devel-linux-x86_64-debian-clang 0.2.4 22.28 116.32 138.60 NOTE
r-devel-linux-x86_64-debian-gcc 0.2.4 15.28 77.42 92.70 NOTE
r-devel-linux-x86_64-fedora-clang 0.2.4 48.00 152.06 200.06 NOTE
r-devel-linux-x86_64-fedora-gcc 0.2.4 49.00 157.09 206.09 NOTE
r-devel-windows-x86_64 0.2.4 25.00 116.00 141.00 NOTE
r-patched-linux-x86_64 0.2.4 22.60 106.48 129.08 NOTE
r-release-linux-x86_64 0.2.4 19.70 106.02 125.72 NOTE
r-release-macos-arm64 0.2.4 9.00 51.00 60.00 NOTE
r-release-macos-x86_64 0.2.4 15.00 102.00 117.00 OK
r-release-windows-x86_64 0.2.4 27.00 114.00 141.00 NOTE
r-oldrel-macos-arm64 0.2.4 10.00 60.00 70.00 OK
r-oldrel-macos-x86_64 0.2.4 15.00 94.00 109.00 OK
r-oldrel-windows-x86_64 0.2.4 34.00 155.00 189.00 OK

Additional issues

rchk

Check Details

Version: 0.2.4
Check: DESCRIPTION meta-information
Result: NOTE Missing dependency on R >= 4.1.0 because package code uses the pipe |> or function shorthand \(...) syntax added in R 4.1.0. File(s) using such syntax: ‘evolve.Rd’ ‘genesis.Rd’ ‘simulate.Rd’ ‘wield.Rd’ Flavors: r-devel-linux-x86_64-debian-clang, r-devel-linux-x86_64-debian-gcc, r-devel-linux-x86_64-fedora-clang, r-devel-linux-x86_64-fedora-gcc, r-devel-windows-x86_64, r-patched-linux-x86_64, r-release-linux-x86_64, r-release-macos-arm64, r-release-windows-x86_64