Last updated on 2025-10-22 01:51:33 CEST.
Flavor | Version | Tinstall | Tcheck | Ttotal | Status | Flags |
---|---|---|---|---|---|---|
r-devel-linux-x86_64-debian-clang | 0.2.3 | 9.87 | 236.32 | 246.19 | NOTE | |
r-devel-linux-x86_64-debian-gcc | 0.2.3 | 5.65 | 153.05 | 158.70 | NOTE | |
r-devel-linux-x86_64-fedora-clang | 0.2.3 | 21.00 | 328.28 | 349.28 | OK | |
r-devel-linux-x86_64-fedora-gcc | 0.2.3 | 22.00 | 331.96 | 353.96 | OK | |
r-devel-windows-x86_64 | 0.2.3 | 11.00 | 265.00 | 276.00 | OK | |
r-patched-linux-x86_64 | 0.2.3 | 9.60 | 220.95 | 230.55 | OK | |
r-release-linux-x86_64 | 0.2.3 | 9.43 | 218.77 | 228.20 | OK | |
r-release-macos-arm64 | 0.2.3 | 5.00 | 133.00 | 138.00 | OK | |
r-release-macos-x86_64 | 0.2.3 | 8.00 | 305.00 | 313.00 | OK | |
r-release-windows-x86_64 | 0.2.3 | 11.00 | 260.00 | 271.00 | OK | |
r-oldrel-macos-arm64 | 0.2.3 | 4.00 | 114.00 | 118.00 | OK | |
r-oldrel-macos-x86_64 | 0.2.3 | 10.00 | 305.00 | 315.00 | OK | |
r-oldrel-windows-x86_64 | 0.2.3 | 15.00 | 360.00 | 375.00 | OK |
Version: 0.2.3
Check: HTML version of manual
Result: NOTE
Found the following HTML validation problems:
print.summary.pc_params.html:51:1 (print.summary.pc_params.Rd:12): Warning: missing </ul> before </div>
Flavors: r-devel-linux-x86_64-debian-clang, r-devel-linux-x86_64-debian-gcc